Last updated on 2024-04-23 05:58:17 CEST.
Flavor | Version | Tinstall | Tcheck | Ttotal | Status | Flags |
---|---|---|---|---|---|---|
r-devel-linux-x86_64-debian-clang | 1.1.2 | 25.23 | 354.48 | 379.71 | NOTE | |
r-devel-linux-x86_64-debian-gcc | 1.1.2 | 18.32 | 265.04 | 283.36 | NOTE | |
r-devel-linux-x86_64-fedora-clang | 1.1.2 | 466.51 | NOTE | |||
r-devel-linux-x86_64-fedora-gcc | 1.1.2 | 471.27 | NOTE | |||
r-prerel-macos-arm64 | 1.1.2 | 131.00 | NOTE | |||
r-prerel-macos-x86_64 | 1.1.2 | 274.00 | OK | |||
r-prerel-windows-x86_64 | 1.1.2 | 22.00 | 284.00 | 306.00 | NOTE | |
r-patched-linux-x86_64 | 1.1.2 | 32.88 | 339.70 | 372.58 | NOTE | |
r-release-linux-x86_64 | 1.1.2 | 16.53 | 348.12 | 364.65 | OK | |
r-release-macos-arm64 | 1.1.2 | 146.00 | OK | |||
r-release-macos-x86_64 | 1.1.2 | 228.00 | OK | |||
r-release-windows-x86_64 | 1.1.2 | 29.00 | 338.00 | 367.00 | OK | |
r-oldrel-macos-arm64 | 1.1.2 | 133.00 | OK | |||
r-oldrel-windows-x86_64 | 1.1.2 | 30.00 | 344.00 | 374.00 | OK |
Version: 1.1.2
Check: Rd files
Result: NOTE
checkRd: (-1) Mercator-class.Rd:91-92: Lost braces
91 | \item{barplot{height, main = '', sub = NULL, border = NA, space =
| ^
checkRd: (-1) Mercator-class.Rd:109-112: Lost braces
109 | \item{hist:}{\code{signature(object = "Mercator")}}{
| ^
checkRd: (-1) Mercator-class.Rd:113-116: Lost braces
113 | \item{summary:}{\code{signature(object = "Mercator")}}{
| ^
checkRd: (-1) Mercator-class.Rd:117-119: Lost braces
117 | \item{dim:}{\code{signature(object = "Mercator")}}{
| ^
checkRd: (-1) Mercator-class.Rd:120-122: Lost braces
120 | \item{[:}{\code{signature(object = "Mercator")}}{
| ^
checkRd: (-1) threshLGF.Rd:21: Lost braces; missing escapes or markup?
21 | \item{object}{An object of class {BinaryMatrix}
| ^
Flavors: r-devel-linux-x86_64-debian-clang, r-devel-linux-x86_64-debian-gcc, r-devel-linux-x86_64-fedora-clang, r-devel-linux-x86_64-fedora-gcc, r-prerel-macos-arm64, r-prerel-windows-x86_64, r-patched-linux-x86_64