CRAN Package Check Results for Package MetaClean

Last updated on 2021-07-29 23:49:50 CEST.

Flavor Version Tinstall Tcheck Ttotal Status Flags
r-devel-linux-x86_64-debian-clang 1.0.0 OK
r-devel-linux-x86_64-debian-gcc 1.0.0 37.91 303.83 341.74 OK
r-devel-linux-x86_64-fedora-clang 1.0.0 551.04 NOTE
r-devel-linux-x86_64-fedora-gcc 1.0.0 513.64 NOTE
r-devel-windows-x86_64 1.0.0 70.00 445.00 515.00 OK
r-devel-windows-x86_64-gcc10-UCRT 1.0.0 NOTE
r-patched-linux-x86_64 1.0.0 42.43 372.42 414.85 OK
r-release-linux-x86_64 1.0.0 42.62 377.52 420.14 OK
r-release-macos-arm64 1.0.0 ERROR
r-release-macos-x86_64 1.0.0 ERROR
r-release-windows-ix86+x86_64 1.0.0 104.00 452.00 556.00 OK
r-oldrel-macos-x86_64 1.0.0 NOTE
r-oldrel-windows-ix86+x86_64 1.0.0 74.00 436.00 510.00 OK

Check Details

Version: 1.0.0
Check: dependencies in R code
Result: NOTE
    Namespaces in Imports field not imported from:
     ‘BiocStyle’ ‘Rgraphviz’ ‘fastAdaboost’ ‘graph’ ‘kernlab’ ‘klaR’
     ‘knitr’ ‘randomForest’ ‘reshape2’ ‘rpart’ ‘tools’
     All declared Imports should be used.
Flavors: r-devel-linux-x86_64-fedora-clang, r-devel-linux-x86_64-fedora-gcc, r-devel-windows-x86_64-gcc10-UCRT, r-oldrel-macos-x86_64

Version: 1.0.0
Check: package dependencies
Result: ERROR
    Packages required but not available: 'xcms', 'BiocStyle'
    
    See section ‘The DESCRIPTION file’ in the ‘Writing R Extensions’
    manual.
Flavor: r-release-macos-arm64

Version: 1.0.0
Check: whether package can be installed
Result: ERROR
    Installation failed.
Flavor: r-release-macos-x86_64