Last updated on 2023-03-23 17:52:20 CET.
Flavor | Version | Tinstall | Tcheck | Ttotal | Status | Flags |
---|---|---|---|---|---|---|
r-devel-linux-x86_64-debian-clang | 1.1.2 | 7.24 | 78.23 | 85.47 | NOTE | |
r-devel-linux-x86_64-debian-gcc | 1.1.2 | 5.02 | 55.21 | 60.23 | NOTE | |
r-devel-linux-x86_64-fedora-clang | 1.1.2 | 99.65 | NOTE | |||
r-devel-linux-x86_64-fedora-gcc | 1.1.2 | 101.07 | NOTE | |||
r-devel-windows-x86_64 | 1.1.2 | 345.00 | 105.00 | 450.00 | NOTE | |
r-patched-linux-x86_64 | 1.1.2 | 6.82 | 70.98 | 77.80 | NOTE | |
r-release-linux-x86_64 | 1.1.2 | 6.98 | 71.00 | 77.98 | NOTE | |
r-release-macos-arm64 | 1.1.2 | 28.00 | NOTE | |||
r-release-macos-x86_64 | 1.1.2 | 55.00 | NOTE | |||
r-release-windows-x86_64 | 1.1.2 | 229.00 | 110.00 | 339.00 | NOTE | |
r-oldrel-macos-arm64 | 1.1.2 | 33.00 | NOTE | |||
r-oldrel-macos-x86_64 | 1.1.2 | 48.00 | NOTE | |||
r-oldrel-windows-ix86+x86_64 | 1.1.2 | 16.00 | 108.00 | 124.00 | NOTE |
Version: 1.1.2
Check: LazyData
Result: NOTE
'LazyData' is specified without a 'data' directory
Flavors: r-devel-linux-x86_64-debian-clang, r-devel-linux-x86_64-debian-gcc, r-devel-linux-x86_64-fedora-clang, r-devel-linux-x86_64-fedora-gcc, r-devel-windows-x86_64, r-patched-linux-x86_64, r-release-linux-x86_64, r-release-macos-arm64, r-release-macos-x86_64, r-release-windows-x86_64, r-oldrel-macos-arm64, r-oldrel-macos-x86_64, r-oldrel-windows-ix86+x86_64