Last updated on 2024-08-16 11:49:44 CEST.
Flavor | Version | Tinstall | Tcheck | Ttotal | Status | Flags |
---|---|---|---|---|---|---|
r-devel-linux-x86_64-debian-clang | 1.4.5 | 16.68 | 155.07 | 171.75 | OK | |
r-devel-linux-x86_64-debian-gcc | 1.4.5 | 12.80 | 107.08 | 119.88 | OK | |
r-devel-linux-x86_64-fedora-clang | 1.4.5 | 280.76 | OK | |||
r-devel-linux-x86_64-fedora-gcc | 1.4.5 | 262.97 | OK | |||
r-devel-windows-x86_64 | 1.4.5 | 18.00 | 154.00 | 172.00 | OK | |
r-patched-linux-x86_64 | 1.4.5 | 14.25 | 145.87 | 160.12 | OK | |
r-release-linux-x86_64 | 1.4.5 | 16.80 | 144.74 | 161.54 | OK | |
r-release-macos-arm64 | 1.4.5 | 75.00 | OK | |||
r-release-macos-x86_64 | 1.4.5 | 129.00 | OK | |||
r-release-windows-x86_64 | 1.4.5 | 17.00 | 157.00 | 174.00 | OK | |
r-oldrel-macos-arm64 | 1.4.5 | 87.00 | NOTE | |||
r-oldrel-macos-x86_64 | 1.4.5 | 161.00 | NOTE | |||
r-oldrel-windows-x86_64 | 1.4.5 | 24.00 | 204.00 | 228.00 | OK |
Version: 1.4.5
Check: package dependencies
Result: NOTE
Packages suggested but not available for checking: 'ropls', 'xcms'
Flavors: r-oldrel-macos-arm64, r-oldrel-macos-x86_64