Last updated on 2023-03-26 17:49:47 CEST.
Flavor | Version | Tinstall | Tcheck | Ttotal | Status | Flags |
---|---|---|---|---|---|---|
r-devel-linux-x86_64-debian-clang | 2.3.4 | 17.01 | 49.72 | 66.73 | OK | |
r-devel-linux-x86_64-debian-gcc | 2.3.4 | 14.00 | 38.51 | 52.51 | OK | |
r-devel-linux-x86_64-fedora-gcc | 2.3.4 | 100.19 | NOTE | |||
r-devel-windows-x86_64 | 2.3.4 | 74.00 | 100.00 | 174.00 | OK | |
r-patched-linux-x86_64 | 2.3.4 | 22.63 | 48.02 | 70.65 | OK | |
r-release-linux-x86_64 | 2.3.4 | 14.19 | 46.78 | 60.97 | OK | |
r-release-macos-arm64 | 2.3.4 | 29.00 | NOTE | |||
r-release-macos-x86_64 | 2.3.4 | 50.00 | NOTE | |||
r-release-windows-x86_64 | 2.3.4 | 33.00 | 82.00 | 115.00 | OK | |
r-oldrel-macos-arm64 | 2.3.4 | 30.00 | NOTE | |||
r-oldrel-macos-x86_64 | 2.3.4 | 42.00 | NOTE | |||
r-oldrel-windows-ix86+x86_64 | 2.3.4 | 30.00 | 95.00 | 125.00 | NOTE |
Version: 2.3.4
Check: dependencies in R code
Result: NOTE
Namespaces in Imports field not imported from:
‘R6’ ‘curl’ ‘jsonlite’ ‘vctrs’
All declared Imports should be used.
Flavors: r-devel-linux-x86_64-fedora-gcc, r-release-macos-arm64, r-release-macos-x86_64, r-oldrel-macos-arm64, r-oldrel-macos-x86_64
Version: 2.3.4
Check: dependencies in R code
Result: NOTE
Initiating curl with CURL_SSL_BACKEND: openssl
Flavor: r-oldrel-windows-ix86+x86_64