CRAN Package Check Results for Package MixAll

Last updated on 2019-03-22 11:53:06 CET.

Flavor Version Tinstall Tcheck Ttotal Status Flags
r-devel-linux-x86_64-debian-clang 1.4.2 652.75 83.45 736.20 NOTE
r-devel-linux-x86_64-debian-gcc 1.4.2 579.64 65.07 644.71 NOTE
r-devel-linux-x86_64-fedora-clang 1.4.2 1165.81 NOTE
r-devel-linux-x86_64-fedora-gcc 1.4.2 1104.86 NOTE
r-devel-windows-ix86+x86_64 1.4.2 1691.00 208.00 1899.00 NOTE
r-patched-linux-x86_64 1.4.2 689.15 75.13 764.28 OK
r-patched-solaris-x86 1.4.2 821.50 NOTE
r-release-linux-x86_64 1.4.2 682.77 75.90 758.67 OK
r-release-windows-ix86+x86_64 1.4.2 1642.00 135.00 1777.00 NOTE
r-release-osx-x86_64 1.4.2 NOTE
r-oldrel-windows-ix86+x86_64 1.4.2 1406.00 200.00 1606.00 NOTE
r-oldrel-osx-x86_64 1.4.2 NOTE

Check Details

Version: 1.4.2
Check: use of SHLIB_OPENMP_*FLAGS in Makefiles
Result: NOTE
     src/Makevars: SHLIB_OPENMP_CFLAGS is included in PKG_LIBS but linking is by C++
    Use of these macros is discussed in sect 1.2.1.1 of 'Writing R
    Extensions'. The macros for different languages may differ so the
    matching macro must be used in PKG_CXXFLAGS (etc) and match that used
    in PKG_LIBS (except for Fortran: see the manual).
Flavors: r-devel-linux-x86_64-debian-clang, r-devel-linux-x86_64-debian-gcc, r-devel-linux-x86_64-fedora-clang, r-devel-linux-x86_64-fedora-gcc

Version: 1.4.2
Check: installed package size
Result: NOTE
     installed size is 42.7Mb
     sub-directories of 1Mb or more:
     libs 40.4Mb
Flavors: r-devel-linux-x86_64-fedora-clang, r-devel-windows-ix86+x86_64, r-patched-solaris-x86, r-release-windows-ix86+x86_64, r-release-osx-x86_64, r-oldrel-windows-ix86+x86_64, r-oldrel-osx-x86_64