CRAN Package Check Results for Package MixAll

Last updated on 2019-05-19 22:51:42 CEST.

Flavor Version Tinstall Tcheck Ttotal Status Flags
r-devel-linux-x86_64-debian-clang 1.4.2 663.03 83.41 746.44 NOTE
r-devel-linux-x86_64-debian-gcc 1.4.2 576.70 64.55 641.25 NOTE
r-devel-linux-x86_64-fedora-clang 1.4.2 1197.18 NOTE
r-devel-linux-x86_64-fedora-gcc 1.4.2 1088.95 NOTE
r-devel-windows-ix86+x86_64 1.4.2 1622.00 205.00 1827.00 NOTE
r-patched-linux-x86_64 1.4.2 672.14 82.35 754.49 NOTE
r-patched-solaris-x86 1.4.2 943.10 NOTE
r-release-linux-x86_64 1.4.2 685.35 81.77 767.12 NOTE
r-release-windows-ix86+x86_64 1.4.2 1550.00 214.00 1764.00 NOTE
r-release-osx-x86_64 1.4.2 ERROR
r-oldrel-windows-ix86+x86_64 1.4.2 1692.00 185.00 1877.00 NOTE
r-oldrel-osx-x86_64 1.4.2 NOTE

Check Details

Version: 1.4.2
Check: use of SHLIB_OPENMP_*FLAGS in Makefiles
Result: NOTE
     src/Makevars: SHLIB_OPENMP_CFLAGS is included in PKG_LIBS but linking is by C++
    Use of these macros is discussed in sect 1.2.1.1 of 'Writing R
    Extensions'. The macros for different languages may differ so the
    matching macro must be used in PKG_CXXFLAGS (etc) and match that used
    in PKG_LIBS (except for Fortran: see the manual).
Flavors: r-devel-linux-x86_64-debian-clang, r-devel-linux-x86_64-debian-gcc, r-devel-linux-x86_64-fedora-clang, r-devel-linux-x86_64-fedora-gcc, r-patched-linux-x86_64, r-release-linux-x86_64

Version: 1.4.2
Check: installed package size
Result: NOTE
     installed size is 44.6Mb
     sub-directories of 1Mb or more:
     libs 42.3Mb
Flavors: r-devel-linux-x86_64-fedora-clang, r-devel-windows-ix86+x86_64, r-patched-solaris-x86, r-release-windows-ix86+x86_64, r-oldrel-windows-ix86+x86_64, r-oldrel-osx-x86_64

Version: 1.4.2
Check: whether package can be installed
Result: ERROR
    Installation failed.
Flavor: r-release-osx-x86_64