CRAN Package Check Results for Package MixedDataImpute

Last updated on 2019-04-25 05:49:46 CEST.

Flavor Version Tinstall Tcheck Ttotal Status Flags
r-devel-linux-x86_64-debian-clang 0.1 90.55 37.54 128.09 OK
r-devel-linux-x86_64-debian-gcc 0.1 69.26 29.58 98.84 OK
r-devel-linux-x86_64-fedora-clang 0.1 192.37 NOTE
r-devel-linux-x86_64-fedora-gcc 0.1 182.08 NOTE
r-devel-windows-ix86+x86_64 0.1 213.00 95.00 308.00 OK
r-patched-linux-x86_64 0.1 80.15 37.46 117.61 OK
r-patched-solaris-x86 0.1 162.00 OK
r-release-linux-x86_64 0.1 83.97 36.10 120.07 OK
r-release-windows-ix86+x86_64 0.1 145.00 94.00 239.00 OK
r-release-osx-x86_64 0.1 NOTE
r-oldrel-windows-ix86+x86_64 0.1 155.00 100.00 255.00 OK
r-oldrel-osx-x86_64 0.1 NOTE

Check Details

Version: 0.1
Check: installed package size
Result: NOTE
     installed size is 6.3Mb
     sub-directories of 1Mb or more:
     libs 5.9Mb
Flavors: r-devel-linux-x86_64-fedora-clang, r-release-osx-x86_64, r-oldrel-osx-x86_64

Version: 0.1
Check: compiled code
Result: NOTE
    File ‘MixedDataImpute/libs/MixedDataImpute.so’:
     Found no calls to: ‘R_registerRoutines’, ‘R_useDynamicSymbols’
    
    It is good practice to register native routines and to disable symbol
    search.
    
    See ‘Writing portable packages’ in the ‘Writing R Extensions’ manual.
Flavors: r-devel-linux-x86_64-fedora-clang, r-devel-linux-x86_64-fedora-gcc