CRAN Package Check Results for Package MixedDataImpute

Last updated on 2019-07-16 05:48:21 CEST.

Flavor Version Tinstall Tcheck Ttotal Status Flags
r-devel-linux-x86_64-debian-clang 0.1 81.19 37.55 118.74 OK
r-devel-linux-x86_64-debian-gcc 0.1 68.32 29.48 97.80 OK
r-devel-linux-x86_64-fedora-clang 0.1 179.58 NOTE
r-devel-linux-x86_64-fedora-gcc 0.1 184.36 NOTE
r-devel-windows-ix86+x86_64 0.1 218.00 72.00 290.00 OK
r-patched-linux-x86_64 0.1 79.83 37.49 117.32 OK
r-patched-solaris-x86 0.1 178.90 OK
r-release-linux-x86_64 0.1 82.33 37.39 119.72 OK
r-release-windows-ix86+x86_64 0.1 181.00 108.00 289.00 OK
r-release-osx-x86_64 0.1 NOTE
r-oldrel-windows-ix86+x86_64 0.1 238.00 75.00 313.00 OK
r-oldrel-osx-x86_64 0.1 NOTE

Check Details

Version: 0.1
Check: installed package size
Result: NOTE
     installed size is 6.4Mb
     sub-directories of 1Mb or more:
     libs 6.0Mb
Flavors: r-devel-linux-x86_64-fedora-clang, r-release-osx-x86_64, r-oldrel-osx-x86_64

Version: 0.1
Check: compiled code
Result: NOTE
    File ‘MixedDataImpute/libs/MixedDataImpute.so’:
     Found no calls to: ‘R_registerRoutines’, ‘R_useDynamicSymbols’
    
    It is good practice to register native routines and to disable symbol
    search.
    
    See ‘Writing portable packages’ in the ‘Writing R Extensions’ manual.
Flavors: r-devel-linux-x86_64-fedora-clang, r-devel-linux-x86_64-fedora-gcc