Last updated on 2019-02-19 22:51:36 CET.
Flavor | Version | Tinstall | Tcheck | Ttotal | Status | Flags |
---|---|---|---|---|---|---|
r-devel-linux-x86_64-debian-clang | 0.1 | 81.98 | 37.71 | 119.69 | OK | |
r-devel-linux-x86_64-debian-gcc | 0.1 | 67.38 | 29.44 | 96.82 | OK | |
r-devel-linux-x86_64-fedora-clang | 0.1 | 191.13 | NOTE | |||
r-devel-linux-x86_64-fedora-gcc | 0.1 | 172.54 | NOTE | |||
r-devel-windows-ix86+x86_64 | 0.1 | 209.00 | 73.00 | 282.00 | OK | |
r-patched-linux-x86_64 | 0.1 | 81.57 | 36.66 | 118.23 | OK | |
r-patched-solaris-x86 | 0.1 | 146.30 | OK | |||
r-release-linux-x86_64 | 0.1 | 81.05 | 36.56 | 117.61 | OK | |
r-release-windows-ix86+x86_64 | 0.1 | 147.00 | 102.00 | 249.00 | OK | |
r-release-osx-x86_64 | 0.1 | NOTE | ||||
r-oldrel-windows-ix86+x86_64 | 0.1 | 220.00 | 104.00 | 324.00 | OK | |
r-oldrel-osx-x86_64 | 0.1 | NOTE |
Version: 0.1
Check: installed package size
Result: NOTE
installed size is 6.3Mb
sub-directories of 1Mb or more:
libs 5.8Mb
Flavors: r-devel-linux-x86_64-fedora-clang, r-release-osx-x86_64, r-oldrel-osx-x86_64
Version: 0.1
Check: compiled code
Result: NOTE
File ‘MixedDataImpute/libs/MixedDataImpute.so’:
Found no calls to: ‘R_registerRoutines’, ‘R_useDynamicSymbols’
It is good practice to register native routines and to disable symbol
search.
See ‘Writing portable packages’ in the ‘Writing R Extensions’ manual.
Flavors: r-devel-linux-x86_64-fedora-clang, r-devel-linux-x86_64-fedora-gcc