Last updated on 2024-08-31 23:49:09 CEST.
Flavor | Version | Tinstall | Tcheck | Ttotal | Status | Flags |
---|---|---|---|---|---|---|
r-devel-linux-x86_64-debian-clang | 1.3.3 | 4.83 | 29.31 | 34.14 | OK | |
r-devel-linux-x86_64-debian-gcc | 1.3.3 | 3.85 | 23.00 | 26.85 | OK | |
r-devel-linux-x86_64-fedora-clang | 1.3.3 | 55.26 | NOTE | |||
r-devel-linux-x86_64-fedora-gcc | 1.3.3 | 52.64 | NOTE | |||
r-devel-windows-x86_64 | 1.3.3 | 6.00 | 53.00 | 59.00 | OK | |
r-patched-linux-x86_64 | 1.3.3 | 5.31 | 27.79 | 33.10 | OK | |
r-release-linux-x86_64 | 1.3.3 | 4.93 | 27.51 | 32.44 | OK | |
r-release-macos-arm64 | 1.3.3 | 22.00 | NOTE | |||
r-release-macos-x86_64 | 1.3.3 | 30.00 | NOTE | |||
r-release-windows-x86_64 | 1.3.3 | 8.00 | 54.00 | 62.00 | OK | |
r-oldrel-macos-arm64 | 1.3.3 | 26.00 | NOTE | |||
r-oldrel-macos-x86_64 | 1.3.3 | 33.00 | NOTE | |||
r-oldrel-windows-x86_64 | 1.3.3 | 10.00 | 59.00 | 69.00 | OK |
Version: 1.3.3
Check: data for non-ASCII characters
Result: NOTE
Note: found 20578 marked UTF-8 strings
Flavors: r-devel-linux-x86_64-fedora-clang, r-devel-linux-x86_64-fedora-gcc
Version: 1.3.3
Check: installed package size
Result: NOTE
installed size is 5.6Mb
sub-directories of 1Mb or more:
data 5.3Mb
Flavors: r-release-macos-arm64, r-release-macos-x86_64, r-oldrel-macos-arm64, r-oldrel-macos-x86_64