CRAN Package Check Results for Package Modelcharts

Last updated on 2024-05-23 06:57:55 CEST.

Flavor Version Tinstall Tcheck Ttotal Status Flags
r-devel-linux-x86_64-debian-clang 0.1.0 7.86 54.73 62.59 NOTE
r-devel-linux-x86_64-debian-gcc 0.1.0 5.20 40.77 45.97 NOTE
r-devel-linux-x86_64-fedora-clang 0.1.0 78.66 NOTE
r-devel-linux-x86_64-fedora-gcc 0.1.0 69.62 NOTE
r-devel-windows-x86_64 0.1.0 7.00 67.00 74.00 NOTE
r-patched-linux-x86_64 0.1.0 4.21 52.53 56.74 NOTE
r-release-linux-x86_64 0.1.0 4.23 52.95 57.18 NOTE
r-release-macos-arm64 0.1.0 27.00 NOTE
r-release-windows-x86_64 0.1.0 8.00 67.00 75.00 NOTE
r-oldrel-macos-arm64 0.1.0 29.00 NOTE
r-oldrel-macos-x86_64 0.1.0 39.00 NOTE
r-oldrel-windows-x86_64 0.1.0 8.00 67.00 75.00 NOTE

Check Details

Version: 0.1.0
Check: LazyData
Result: NOTE 'LazyData' is specified without a 'data' directory Flavors: r-devel-linux-x86_64-debian-clang, r-devel-linux-x86_64-debian-gcc, r-devel-linux-x86_64-fedora-clang, r-devel-linux-x86_64-fedora-gcc, r-devel-windows-x86_64, r-patched-linux-x86_64, r-release-linux-x86_64, r-release-macos-arm64, r-release-windows-x86_64, r-oldrel-macos-arm64, r-oldrel-macos-x86_64, r-oldrel-windows-x86_64