Last updated on 2024-04-19 16:58:49 CEST.
Flavor | Version | Tinstall | Tcheck | Ttotal | Status | Flags |
---|---|---|---|---|---|---|
r-devel-linux-x86_64-debian-clang | 1.1.1 | 46.94 | 161.38 | 208.32 | OK | |
r-devel-linux-x86_64-debian-gcc | 1.1.1 | OK | ||||
r-devel-linux-x86_64-fedora-clang | 1.1.1 | 284.77 | OK | |||
r-devel-linux-x86_64-fedora-gcc | 1.1.1 | 285.16 | OK | |||
r-prerel-macos-arm64 | 1.1.1 | 77.00 | OK | |||
r-prerel-macos-x86_64 | 1.1.1 | 180.00 | OK | |||
r-prerel-windows-x86_64 | 1.1.1 | 37.00 | 156.00 | 193.00 | OK | |
r-patched-linux-x86_64 | 1.1.1 | 50.47 | 148.35 | 198.82 | OK | |
r-release-linux-x86_64 | 1.1.1 | 39.79 | 150.64 | 190.43 | OK | |
r-release-macos-arm64 | 1.1.1 | 78.00 | NOTE | |||
r-release-macos-x86_64 | 1.1.1 | 170.00 | NOTE | |||
r-release-windows-x86_64 | 1.1.1 | 52.00 | 182.00 | 234.00 | OK | |
r-oldrel-macos-arm64 | 1.1.1 | 78.00 | OK | |||
r-oldrel-windows-x86_64 | 1.1.1 | 52.00 | 162.00 | 214.00 | OK |
Version: 1.1.1
Check: package dependencies
Result: NOTE
Package suggested but not available for checking: ‘rhdf5’
Flavors: r-release-macos-arm64, r-release-macos-x86_64