CRAN Package Check Results for Package MsdeParEst

Last updated on 2021-10-24 23:51:54 CEST.

Flavor Version Tinstall Tcheck Ttotal Status Flags
r-devel-linux-x86_64-debian-clang 1.7 12.78 95.81 108.59 OK
r-devel-linux-x86_64-debian-gcc 1.7 10.51 70.97 81.48 OK
r-devel-linux-x86_64-fedora-clang 1.7 145.95 NOTE
r-devel-linux-x86_64-fedora-gcc 1.7 128.26 NOTE
r-devel-windows-x86_64 1.7 20.00 84.00 104.00 OK
r-devel-windows-x86_64-gcc10-UCRT 1.7 NOTE
r-patched-linux-x86_64 1.7 11.69 91.70 103.39 OK
r-patched-solaris-x86 1.7 186.60 NOTE
r-release-linux-x86_64 1.7 12.25 92.03 104.28 OK
r-release-macos-arm64 1.7 NOTE
r-release-macos-x86_64 1.7 NOTE
r-release-windows-ix86+x86_64 1.7 21.00 109.00 130.00 OK
r-oldrel-macos-x86_64 1.7 NOTE
r-oldrel-windows-ix86+x86_64 1.7 27.00 121.00 148.00 OK

Check Details

Version: 1.7
Check: dependencies in R code
Result: NOTE
    Namespaces in Imports field not imported from:
     ‘MASS’ ‘moments’ ‘mvtnorm’
     All declared Imports should be used.
Flavors: r-devel-linux-x86_64-fedora-clang, r-devel-linux-x86_64-fedora-gcc, r-devel-windows-x86_64-gcc10-UCRT, r-patched-solaris-x86, r-release-macos-arm64, r-release-macos-x86_64, r-oldrel-macos-x86_64