CRAN Package Check Results for Package MultiBD

Last updated on 2021-07-30 05:52:20 CEST.

Flavor Version Tinstall Tcheck Ttotal Status Flags
r-devel-linux-x86_64-debian-clang 0.2.0 OK
r-devel-linux-x86_64-debian-gcc 0.2.0 68.62 110.68 179.30 OK
r-devel-linux-x86_64-fedora-clang 0.2.0 344.66 NOTE
r-devel-linux-x86_64-fedora-gcc 0.2.0 334.64 NOTE
r-devel-windows-x86_64 0.2.0 107.00 176.00 283.00 OK
r-devel-windows-x86_64-gcc10-UCRT 0.2.0 OK
r-patched-linux-x86_64 0.2.0 OK
r-patched-solaris-x86 0.2.0 48.90 ERROR
r-release-linux-x86_64 0.2.0 85.43 158.54 243.97 OK
r-release-macos-arm64 0.2.0 WARN
r-release-macos-x86_64 0.2.0 NOTE
r-release-windows-ix86+x86_64 0.2.0 265.00 191.00 456.00 OK
r-oldrel-macos-x86_64 0.2.0 NOTE
r-oldrel-windows-ix86+x86_64 0.2.0 192.00 176.00 368.00 OK

Check Details

Version: 0.2.0
Check: installed package size
Result: NOTE
     installed size is 5.5Mb
     sub-directories of 1Mb or more:
     libs 3.8Mb
Flavors: r-devel-linux-x86_64-fedora-clang, r-release-macos-arm64, r-release-macos-x86_64, r-oldrel-macos-x86_64

Version: 0.2.0
Check: compiled code
Result: NOTE
    File ‘MultiBD/libs/MultiBD.so’:
     Found no calls to: ‘R_registerRoutines’, ‘R_useDynamicSymbols’
    
    It is good practice to register native routines and to disable symbol
    search.
    
    See ‘Writing portable packages’ in the ‘Writing R Extensions’ manual.
Flavors: r-devel-linux-x86_64-fedora-clang, r-devel-linux-x86_64-fedora-gcc

Version: 0.2.0
Check: whether package can be installed
Result: ERROR
    Installation failed.
Flavor: r-patched-solaris-x86

Version: 0.2.0
Check: re-building of vignette outputs
Result: WARN
    Error(s) in re-building vignettes:
    --- re-building ‘SIR-MCMC.Rmd’ using rmarkdown
    Warning in engine$weave(file, quiet = quiet, encoding = enc) :
     Pandoc (>= 1.12.3) not available. Falling back to R Markdown v1.
    Warning in doTryCatch(return(expr), name, parentenv, handler) :
     no font could be found for family "Arial"
    Warning in doTryCatch(return(expr), name, parentenv, handler) :
     no font could be found for family "Arial"
    Warning in doTryCatch(return(expr), name, parentenv, handler) :
     no font could be found for family "Arial"
    Warning in doTryCatch(return(expr), name, parentenv, handler) :
     no font could be found for family "Arial"
    Warning in doTryCatch(return(expr), name, parentenv, handler) :
     no font could be found for family "Arial"
    Warning in doTryCatch(return(expr), name, parentenv, handler) :
     no font could be found for family "Arial"
    Warning in doTryCatch(return(expr), name, parentenv, handler) :
     no font could be found for family "Arial"
    Warning in doTryCatch(return(expr), name, parentenv, handler) :
     no font could be found for family "Arial"
    Warning in doTryCatch(return(expr), name, parentenv, handler) :
     no font could be found for family "Arial"
    Warning in doTryCatch(return(expr), name, parentenv, handler) :
     no font could be found for family "Arial"
    Warning in doTryCatch(return(expr), name, parentenv, handler) :
     no font could be found for family "Arial"
    Warning in doTryCatch(return(expr), name, parentenv, handler) :
     no font could be found for family "Arial"
    Warning in doTryCatch(return(expr), name, parentenv, handler) :
     no font could be found for family "Arial"
    Warning in doTryCatch(return(expr), name, parentenv, handler) :
     no font could be found for family "Arial"
    Warning in doTryCatch(return(expr), name, parentenv, handler) :
     no font could be found for family "Arial"
    Warning in doTryCatch(return(expr), name, parentenv, handler) :
     no font could be found for family "Arial"
    Warning in doTryCatch(return(expr), name, parentenv, handler) :
     no font could be found for family "Arial"
    Warning in doTryCatch(return(expr), name, parentenv, handler) :
     no font could be found for family "Arial"
    Warning in doTryCatch(return(expr), name, parentenv, handler) :
     no font could be found for family "Arial"
    Warning in doTryCatch(return(expr), name, parentenv, handler) :
     no font could be found for family "Arial"
    Warning in doTryCatch(return(expr), name, parentenv, handler) :
     no font could be found for family "Arial"
    Warning in doTryCatch(return(expr), name, parentenv, handler) :
     no font could be found for family "Arial"
    Warning in doTryCatch(return(expr), name, parentenv, handler) :
     no font could be found for family "Arial"
    Warning in doTryCatch(return(expr), name, parentenv, handler) :
     no font could be found for family "Arial"
    Warning in doTryCatch(return(expr), name, parentenv, handler) :
     no font could be found for family "Arial"
    Warning in doTryCatch(return(expr), name, parentenv, handler) :
     no font could be found for family "Arial"
    Warning in doTryCatch(return(expr), name, parentenv, handler) :
     no font could be found for family "Arial"
    Warning in doTryCatch(return(expr), name, parentenv, handler) :
     no font could be found for family "Arial"
    Warning in doTryCatch(return(expr), name, parentenv, handler) :
     no font could be found for family "Arial"
    Warning in doTryCatch(return(expr), name, parentenv, handler) :
     no font could be found for family "Arial"
    Warning in doTryCatch(return(expr), name, parentenv, handler) :
     no font could be found for family "Arial"
    Warning in doTryCatch(return(expr), name, parentenv, handler) :
     no font could be found for family "Arial"
    Warning in doTryCatch(return(expr), name, parentenv, handler) :
     no font could be found for family "Arial"
    Warning in doTryCatch(return(expr), name, parentenv, handler) :
     no font could be found for family "Arial"
    Warning in doTryCatch(return(expr), name, parentenv, handler) :
     no font could be found for family "Arial"
    Warning in doTryCatch(return(expr), name, parentenv, handler) :
     no font could be found for family "Arial"
    Warning in doTryCatch(return(expr), name, parentenv, handler) :
     no font could be found for family "Arial"
    Warning in doTryCatch(return(expr), name, parentenv, handler) :
     no font could be found for family "Arial"
    Warning in doTryCatch(return(expr), name, parentenv, handler) :
     no font could be found for family "Arial"
    Warning in doTryCatch(return(expr), name, parentenv, handler) :
     no font could be found for family "Arial"
    Warning in doTryCatch(return(expr), name, parentenv, handler) :
     no font could be found for family "Arial"
    Warning in doTryCatch(return(expr), name, parentenv, handler) :
     no font could be found for family "Arial"
    Warning in doTryCatch(return(expr), name, parentenv, handler) :
     no font could be found for family "Arial"
    Warning in doTryCatch(return(expr), name, parentenv, handler) :
     font "Symbol" could not be found for family ""
    Warning in doTryCatch(return(expr), name, parentenv, handler) :
     font "Symbol" could not be found for family ""
    Warning in doTryCatch(return(expr), name, parentenv, handler) :
     font "Symbol" could not be found for family ""
    Warning in doTryCatch(return(expr), name, parentenv, handler) :
     no font could be found for family "Arial"
    Warning in doTryCatch(return(expr), name, parentenv, handler) :
     no font could be found for family "Arial"
    Warning in doTryCatch(return(expr), name, parentenv, handler) :
     no font could be found for family "Arial"
    Warning in doTryCatch(return(expr), name, parentenv, handler) :
     no font could be found for family "Arial"
    Warning in doTryCatch(return(expr), name, parentenv, handler) :
     no font could be found for family "Arial"
    Warning in doTryCatch(return(expr), name, parentenv, handler) :
     no font could be found for family "Arial"
    Warning in doTryCatch(return(expr), name, parentenv, handler) :
     font "Symbol" could not be found for family ""
    Warning in doTryCatch(return(expr), name, parentenv, handler) :
     font "Symbol" could not be found for family ""
    Warning in doTryCatch(return(expr), name, parentenv, handler) :
     font "Symbol" could not be found for family ""
    Warning in doTryCatch(return(expr), name, parentenv, handler) :
     font "Symbol" could not be found for family ""
    Warning in doTryCatch(return(expr), name, parentenv, handler) :
     no font could be found for family "Arial"
    Warning in doTryCatch(return(expr), name, parentenv, handler) :
     font "Symbol" could not be found for family ""
    Warning in doTryCatch(return(expr), name, parentenv, handler) :
     font "Symbol" could not be found for family ""
    Warning in doTryCatch(return(expr), name, parentenv, handler) :
     font "Symbol" could not be found for family ""
    Warning in doTryCatch(return(expr), name, parentenv, handler) :
     font "Symbol" could not be found for family ""
    Warning in doTryCatch(return(expr), name, parentenv, handler) :
     font "Symbol" could not be found for family ""
    Warning in doTryCatch(return(expr), name, parentenv, handler) :
     font "Symbol" could not be found for family ""
    Warning in doTryCatch(return(expr), name, parentenv, handler) :
     font "Symbol" could not be found for family ""
    Warning in doTryCatch(return(expr), name, parentenv, handler) :
     font "Symbol" could not be found for family ""
    Warning in doTryCatch(return(expr), name, parentenv, handler) :
     no font could be found for family "Arial"
    Warning in doTryCatch(return(expr), name, parentenv, handler) :
     no font could be found for family "Arial"
    Warning in doTryCatch(return(expr), name, parentenv, handler) :
     no font could be found for family "Arial"
    Warning in doTryCatch(return(expr), name, parentenv, handler) :
     no font could be found for family "Arial"
    Warning in doTryCatch(return(expr), name, parentenv, handler) :
     no font could be found for family "Arial"
    Warning in doTryCatch(return(expr), name, parentenv, handler) :
     no font could be found for family "Arial"
    Warning in doTryCatch(return(expr), name, parentenv, handler) :
     no font could be found for family "Arial"
    Warning in doTryCatch(return(expr), name, parentenv, handler) :
     no font could be found for family "Arial"
    Warning in doTryCatch(return(expr), name, parentenv, handler) :
     no font could be found for family "Arial"
    Warning in doTryCatch(return(expr), name, parentenv, handler) :
     no font could be found for family "Arial"
    Warning in doTryCatch(return(expr), name, parentenv, handler) :
     no font could be found for family "Arial"
    Warning in doTryCatch(return(expr), name, parentenv, handler) :
     no font could be found for family "Arial"
    Warning in doTryCatch(return(expr), name, parentenv, handler) :
     no font could be found for family "Arial"
    Warning in doTryCatch(return(expr), name, parentenv, handler) :
     no font could be found for family "Arial"
    Warning in doTryCatch(return(expr), name, parentenv, handler) :
     no font could be found for family "Arial"
    Warning in doTryCatch(return(expr), name, parentenv, handler) :
     no font could be found for family "Arial"
    Warning in doTryCatch(return(expr), name, parentenv, handler) :
     no font could be found for family "Arial"
    Warning in doTryCatch(return(expr), name, parentenv, handler) :
     no font could be found for family "Arial"
    Warning in doTryCatch(return(expr), name, parentenv, handler) :
     no font could be found for family "Arial"
    Warning in doTryCatch(return(expr), name, parentenv, handler) :
     no font could be found for family "Arial"
    Warning in doTryCatch(return(expr), name, parentenv, handler) :
     no font could be found for family "Arial"
    Warning in doTryCatch(return(expr), name, parentenv, handler) :
     no font could be found for family "Arial"
    Warning in doTryCatch(return(expr), name, parentenv, handler) :
     no font could be found for family "Arial"
    Warning in doTryCatch(return(expr), name, parentenv, handler) :
     no font could be found for family "Arial"
    Warning in doTryCatch(return(expr), name, parentenv, handler) :
     no font could be found for family "Arial"
    Warning in doTryCatch(return(expr), name, parentenv, handler) :
     no font could be found for family "Arial"
    Warning in doTryCatch(return(expr), name, parentenv, handler) :
     no font could be found for family "Arial"
    Warning in doTryCatch(return(expr), name, parentenv, handler) :
     no font could be found for family "Arial"
    Warning in doTryCatch(return(expr), name, parentenv, handler) :
     no font could be found for family "Arial"
    Warning in doTryCatch(return(expr), name, parentenv, handler) :
     no font could be found for family "Arial"
    Warning in doTryCatch(return(expr), name, parentenv, handler) :
     no font could be found for family "Arial"
    Warning in doTryCatch(return(expr), name, parentenv, handler) :
     no font could be found for family "Arial"
    Warning in doTryCatch(return(expr), name, parentenv, handler) :
     no font could be found for family "Arial"
    Warning in doTryCatch(return(expr), name, parentenv, handler) :
     no font could be found for family "Arial"
    Warning in doTryCatch(return(expr), name, parentenv, handler) :
     no font could be found for family "Arial"
    Warning in doTryCatch(return(expr), name, parentenv, handler) :
     no font could be found for family "Arial"
    Warning in doTryCatch(return(expr), name, parentenv, handler) :
     no font could be found for family "Arial"
    Warning in doTryCatch(return(expr), name, parentenv, handler) :
     no font could be found for family "Arial"
    Warning in doTryCatch(return(expr), name, parentenv, handler) :
     no font could be found for family "Arial"
    Warning in doTryCatch(return(expr), name, parentenv, handler) :
     no font could be found for family "Arial"
    Warning in doTryCatch(return(expr), name, parentenv, handler) :
     no font could be found for family "Arial"
    Warning in doTryCatch(return(expr), name, parentenv, handler) :
     no font could be found for family "Arial"
    Warning in doTryCatch(return(expr), name, parentenv, handler) :
     no font could be found for family "Arial"
    Warning in doTryCatch(return(expr), name, parentenv, handler) :
     no font could be found for family "Arial"
    Warning in doTryCatch(return(expr), name, parentenv, handler) :
     no font could be found for family "Arial"
    Warning in doTryCatch(return(expr), name, parentenv, handler) :
     no font could be found for family "Arial"
    Warning in doTryCatch(return(expr), name, parentenv, handler) :
     font "Symbol" could not be found for family ""
    Warning in doTryCatch(return(expr), name, parentenv, handler) :
     font "Symbol" could not be found for family ""
    Warning in doTryCatch(return(expr), name, parentenv, handler) :
     font "Symbol" could not be found for family ""
    Warning in doTryCatch(return(expr), name, parentenv, handler) :
     no font could be found for family "Arial"
    Warning in doTryCatch(return(expr), name, parentenv, handler) :
     no font could be found for family "Arial"
    Warning in doTryCatch(return(expr), name, parentenv, handler) :
     no font could be found for family "Arial"
    Warning in doTryCatch(return(expr), name, parentenv, handler) :
     no font could be found for family "Arial"
    Warning in doTryCatch(return(expr), name, parentenv, handler) :
     no font could be found for family "Arial"
    Warning in doTryCatch(return(expr), name, parentenv, handler) :
     no font could be found for family "Arial"
    Warning in doTryCatch(return(expr), name, parentenv, handler) :
     font "Symbol" could not be found for family ""
    Warning in doTryCatch(return(expr), name, parentenv, handler) :
     font "Symbol" could not be found for family ""
    Warning in doTryCatch(return(expr), name, parentenv, handler) :
     font "Symbol" could not be found for family ""
    Warning in doTryCatch(return(expr), name, parentenv, handler) :
     font "Symbol" could not be found for family ""
    Warning in doTryCatch(return(expr), name, parentenv, handler) :
     no font could be found for family "Arial"
    Warning in doTryCatch(return(expr), name, parentenv, handler) :
     font "Symbol" could not be found for family ""
    Warning in doTryCatch(return(expr), name, parentenv, handler) :
     font "Symbol" could not be found for family ""
    Warning in doTryCatch(return(expr), name, parentenv, handler) :
     font "Symbol" could not be found for family ""
    Warning in doTryCatch(return(expr), name, parentenv, handler) :
     font "Symbol" could not be found for family ""
    Warning in doTryCatch(return(expr), name, parentenv, handler) :
     font "Symbol" could not be found for family ""
    Warning in doTryCatch(return(expr), name, parentenv, handler) :
     font "Symbol" could not be found for family ""
    Warning in doTryCatch(return(expr), name, parentenv, handler) :
     font "Symbol" could not be found for family ""
    Warning in doTryCatch(return(expr), name, parentenv, handler) :
     font "Symbol" could not be found for family ""
    Warning in grid.Call(C_stringMetric, as.graphicsAnnot(x$label)) :
     no font could be found for family "Arial"
    Warning in grid.Call(C_stringMetric, as.graphicsAnnot(x$label)) :
     no font could be found for family "Arial"
    Warning in grid.Call(C_stringMetric, as.graphicsAnnot(x$label)) :
     no font could be found for family "Arial"
    Warning in grid.Call(C_stringMetric, as.graphicsAnnot(x$label)) :
     no font could be found for family "Arial"
    Warning in grid.Call(C_stringMetric, as.graphicsAnnot(x$label)) :
     no font could be found for family "Arial"
    Warning in grid.Call(C_stringMetric, as.graphicsAnnot(x$label)) :
     no font could be found for family "Arial"
    Warning in grid.Call(C_stringMetric, as.graphicsAnnot(x$label)) :
     no font could be found for family "Arial"
    Warning in grid.Call(C_stringMetric, as.graphicsAnnot(x$label)) :
     no font could be found for family "Arial"
    Warning in grid.Call(C_stringMetric, as.graphicsAnnot(x$label)) :
     no font could be found for family "Arial"
    Warning in grid.Call(C_stringMetric, as.graphicsAnnot(x$label)) :
     no font could be found for family "Arial"
    Warning in grid.Call(C_stringMetric, as.graphicsAnnot(x$label)) :
     no font could be found for family "Arial"
    Warning in grid.Call(C_stringMetric, as.graphicsAnnot(x$label)) :
     no font could be found for family "Arial"
    Warning in grid.Call(C_stringMetric, as.graphicsAnnot(x$label)) :
     no font could be found for family "Arial"
    Warning in grid.Call(C_stringMetric, as.graphicsAnnot(x$label)) :
     no font could be found for family "Arial"
    Warning in grid.Call(C_stringMetric, as.graphicsAnnot(x$label)) :
     no font could be found for family "Arial"
    Warning in grid.Call(C_stringMetric, as.graphicsAnnot(x$label)) :
     no font could be found for family "Arial"
    Warning in grid.Call(C_stringMetric, as.graphicsAnnot(x$label)) :
     no font could be found for family "Arial"
    Warning in grid.Call(C_stringMetric, as.graphicsAnnot(x$label)) :
     no font could be found for family "Arial"
    Warning in grid.Call(C_stringMetric, as.graphicsAnnot(x$label)) :
     no font could be found for family "Arial"
    Warning in grid.Call(C_stringMetric, as.graphicsAnnot(x$label)) :
     no font could be found for family "Arial"
    Warning in grid.Call(C_stringMetric, as.graphicsAnnot(x$label)) :
     no font could be found for family "Arial"
    Warning in grid.Call(C_stringMetric, as.graphicsAnnot(x$label)) :
     no font could be found for family "Arial"
    Warning in grid.Call(C_stringMetric, as.graphicsAnnot(x$label)) :
     no font could be found for family "Arial"
    Warning in grid.Call(C_stringMetric, as.graphicsAnnot(x$label)) :
     no font could be found for family "Arial"
    Warning in grid.Call(C_stringMetric, as.graphicsAnnot(x$label)) :
     no font could be found for family "Arial"
    Warning in grid.Call(C_stringMetric, as.graphicsAnnot(x$label)) :
     no font could be found for family "Arial"
    Warning in grid.Call(C_stringMetric, as.graphicsAnnot(x$label)) :
     no font could be found for family "Arial"
    Warning in grid.Call(C_stringMetric, as.graphicsAnnot(x$label)) :
     no font could be found for family "Arial"
    Warning: It is deprecated to specify `guide = FALSE` to remove a guide. Please use `guide = "none"` instead.
    Warning in grid.Call(C_textBounds, as.graphicsAnnot(x$label), x$x, x$y, :
     no font could be found for family "Arial"
    Warning in grid.Call(C_textBounds, as.graphicsAnnot(x$label), x$x, x$y, :
     no font could be found for family "Arial"
    Warning in grid.Call(C_textBounds, as.graphicsAnnot(x$label), x$x, x$y, :
     no font could be found for family "Arial"
    Warning in grid.Call(C_textBounds, as.graphicsAnnot(x$label), x$x, x$y, :
     no font could be found for family "Arial"
    Warning in grid.Call(C_textBounds, as.graphicsAnnot(x$label), x$x, x$y, :
     font "Symbol" could not be found for family ""
    Warning in grid.Call(C_textBounds, as.graphicsAnnot(x$label), x$x, x$y, :
     font "Symbol" could not be found for family ""
    Warning in grid.Call(C_textBounds, as.graphicsAnnot(x$label), x$x, x$y, :
     font "Symbol" could not be found for family ""
    Warning in grid.Call(C_textBounds, as.graphicsAnnot(x$label), x$x, x$y, :
     no font could be found for family "Arial"
    Warning in grid.Call(C_textBounds, as.graphicsAnnot(x$label), x$x, x$y, :
     no font could be found for family "Arial"
    Warning in grid.Call(C_textBounds, as.graphicsAnnot(x$label), x$x, x$y, :
     no font could be found for family "Arial"
    Warning in grid.Call(C_textBounds, as.graphicsAnnot(x$label), x$x, x$y, :
     no font could be found for family "Arial"
    Warning in grid.Call(C_textBounds, as.graphicsAnnot(x$label), x$x, x$y, :
     font "Symbol" could not be found for family ""
    Warning in grid.Call(C_textBounds, as.graphicsAnnot(x$label), x$x, x$y, :
     font "Symbol" could not be found for family ""
    Warning in grid.Call(C_textBounds, as.graphicsAnnot(x$label), x$x, x$y, :
     font "Symbol" could not be found for family ""
    Quitting from lines 121-130 (SIR-MCMC.Rmd)
    Error: processing vignette 'SIR-MCMC.Rmd' failed with diagnostics:
    polygon edge not found
    --- failed re-building ‘SIR-MCMC.Rmd’
    
    --- re-building ‘SIRtrans.Rnw’ using knitr
    --- finished re-building ‘SIRtrans.Rnw’
    
    SUMMARY: processing the following file failed:
     ‘SIR-MCMC.Rmd’
    
    Error: Vignette re-building failed.
    Execution halted
Flavor: r-release-macos-arm64