CRAN Package Check Results for Package MultiObjMatch

Last updated on 2024-04-16 17:50:33 CEST.

Flavor Version Tinstall Tcheck Ttotal Status Flags
r-devel-linux-x86_64-debian-clang 0.1.3 18.44 190.03 208.47 NOTE
r-devel-linux-x86_64-debian-gcc 0.1.3 9.65 142.85 152.50 NOTE
r-devel-linux-x86_64-fedora-clang 0.1.3 258.45 NOTE
r-devel-linux-x86_64-fedora-gcc 0.1.3 265.97 NOTE
r-prerel-macos-arm64 0.1.3 73.00 NOTE
r-prerel-windows-x86_64 0.1.3 14.00 156.00 170.00 NOTE
r-patched-linux-x86_64 0.1.3 11.91 184.28 196.19 NOTE
r-release-linux-x86_64 0.1.3 13.69 187.48 201.17 NOTE
r-release-macos-arm64 0.1.3 49.00 NOTE
r-release-macos-x86_64 0.1.3 81.00 NOTE
r-release-windows-x86_64 0.1.3 19.00 198.00 217.00 NOTE
r-oldrel-macos-arm64 0.1.3 50.00 NOTE
r-oldrel-windows-x86_64 0.1.3 19.00 194.00 213.00 FAIL

Check Details

Version: 0.1.3
Check: package dependencies
Result: NOTE Package suggested but not available for checking: ‘rrelaxiv’ Flavors: r-devel-linux-x86_64-debian-clang, r-devel-linux-x86_64-debian-gcc, r-devel-linux-x86_64-fedora-clang, r-devel-linux-x86_64-fedora-gcc, r-prerel-macos-arm64, r-prerel-windows-x86_64, r-patched-linux-x86_64, r-release-linux-x86_64, r-release-macos-arm64, r-release-macos-x86_64, r-release-windows-x86_64, r-oldrel-macos-arm64, r-oldrel-windows-x86_64

Version: 0.1.3
Check: dependencies in R code
Result: NOTE Namespaces in Imports field not imported from: ‘RCurl’ ‘fields’ ‘optmatch’ ‘rcbalance’ ‘utils’ All declared Imports should be used. Flavors: r-devel-linux-x86_64-fedora-clang, r-devel-linux-x86_64-fedora-gcc

Version: 0.1.3
Check: whether the package can be loaded with stated dependencies
Result: FAIL It looks like this package (or one of its dependent packages) has an unstated dependence on a standard package. All dependencies must be declared in DESCRIPTION. See section 'The DESCRIPTION file' in the 'Writing R Extensions' manual. Flavor: r-oldrel-windows-x86_64