CRAN Package Check Results for Package MultisiteMediation

Last updated on 2022-01-26 23:50:25 CET.

Flavor Version Tinstall Tcheck Ttotal Status Flags
r-devel-linux-x86_64-debian-clang 0.0.4 17.18 180.14 197.32 OK
r-devel-linux-x86_64-debian-gcc 0.0.4 14.03 129.64 143.67 OK
r-devel-linux-x86_64-fedora-clang 0.0.4 227.67 OK
r-devel-linux-x86_64-fedora-gcc 0.0.4 221.78 OK
r-devel-windows-x86_64-new-UL 0.0.4 59.00 188.00 247.00 OK
r-devel-windows-x86_64-new-TK 0.0.4 ERROR
r-patched-linux-x86_64 0.0.4 17.03 161.90 178.93 OK
r-release-linux-x86_64 0.0.4 19.29 163.01 182.30 OK
r-release-macos-arm64 0.0.4 OK
r-release-macos-x86_64 0.0.4 OK
r-release-windows-ix86+x86_64 0.0.4 36.00 182.00 218.00 OK
r-oldrel-macos-x86_64 0.0.4 OK
r-oldrel-windows-ix86+x86_64 0.0.4 37.00 189.00 226.00 OK

Check Details

Version: 0.0.4
Check: package dependencies
Result: ERROR
    Package required but not available: 'lme4'
    
    See section 'The DESCRIPTION file' in the 'Writing R Extensions'
    manual.
Flavor: r-devel-windows-x86_64-new-TK