Last updated on 2024-03-29 11:53:59 CET.
Flavor | Version | Tinstall | Tcheck | Ttotal | Status | Flags |
---|---|---|---|---|---|---|
r-devel-linux-x86_64-debian-clang | 1.0.1 | 5.64 | 86.37 | 92.01 | NOTE | |
r-devel-linux-x86_64-debian-gcc | 1.0.1 | 4.34 | 62.25 | 66.59 | NOTE | |
r-devel-linux-x86_64-fedora-clang | 1.0.1 | 116.08 | NOTE | |||
r-devel-linux-x86_64-fedora-gcc | 1.0.1 | 112.41 | NOTE | |||
r-devel-windows-x86_64 | 1.0.1 | 6.00 | 86.00 | 92.00 | NOTE | |
r-patched-linux-x86_64 | 1.0.1 | 5.93 | 83.36 | 89.29 | NOTE | |
r-release-linux-x86_64 | 1.0.1 | 5.64 | 84.02 | 89.66 | OK | |
r-release-macos-arm64 | 1.0.1 | 37.00 | NOTE | |||
r-release-macos-x86_64 | 1.0.1 | 51.00 | NOTE | |||
r-release-windows-x86_64 | 1.0.1 | 7.00 | 98.00 | 105.00 | OK | |
r-oldrel-macos-arm64 | 1.0.1 | 29.00 | OK | |||
r-oldrel-windows-x86_64 | 1.0.1 | 7.00 | 97.00 | 104.00 | OK |
Version: 1.0.1
Check: Rd metadata
Result: NOTE
Invalid package aliases in Rd file 'NBBttest-package.Rd':
‘NBBtatest-package’
Flavors: r-devel-linux-x86_64-debian-clang, r-devel-linux-x86_64-debian-gcc, r-devel-linux-x86_64-fedora-clang, r-devel-linux-x86_64-fedora-gcc, r-devel-windows-x86_64, r-patched-linux-x86_64
Version: 1.0.1
Check: package dependencies
Result: NOTE
Package suggested but not available for checking: ‘DEXSeq’
Flavors: r-release-macos-arm64, r-release-macos-x86_64
Version: 1.0.1
Check: Rd cross-references
Result: NOTE
Package unavailable to check Rd xrefs: ‘DEXSeq’
Flavors: r-release-macos-arm64, r-release-macos-x86_64