Last updated on 2024-08-16 11:49:46 CEST.
Flavor | Version | Tinstall | Tcheck | Ttotal | Status | Flags |
---|---|---|---|---|---|---|
r-devel-linux-x86_64-debian-clang | 1.0 | 35.19 | 234.42 | 269.61 | OK | |
r-devel-linux-x86_64-debian-gcc | 1.0 | 26.54 | 171.39 | 197.93 | OK | |
r-devel-linux-x86_64-fedora-clang | 1.0 | 454.28 | NOTE | |||
r-devel-linux-x86_64-fedora-gcc | 1.0 | 403.56 | NOTE | |||
r-devel-windows-x86_64 | 1.0 | 25.00 | 219.00 | 244.00 | OK | |
r-patched-linux-x86_64 | 1.0 | 36.87 | 223.28 | 260.15 | OK | |
r-release-linux-x86_64 | 1.0 | 30.89 | 228.37 | 259.26 | OK | |
r-release-macos-arm64 | 1.0 | 103.00 | OK | |||
r-release-macos-x86_64 | 1.0 | 156.00 | OK | |||
r-release-windows-x86_64 | 1.0 | 24.00 | 218.00 | 242.00 | OK | |
r-oldrel-macos-arm64 | 1.0 | 102.00 | OK | |||
r-oldrel-macos-x86_64 | 1.0 | 169.00 | OK | |||
r-oldrel-windows-x86_64 | 1.0 | 33.00 | 275.00 | 308.00 | OK |
Version: 1.0
Check: dependencies in R code
Result: NOTE
Namespace in Imports field not imported from: ‘magick’
All declared Imports should be used.
Flavors: r-devel-linux-x86_64-fedora-clang, r-devel-linux-x86_64-fedora-gcc