Last updated on 2024-05-05 17:54:01 CEST.
Flavor | Version | Tinstall | Tcheck | Ttotal | Status | Flags |
---|---|---|---|---|---|---|
r-devel-linux-x86_64-debian-clang | 0.3.0 | 1.95 | 90.90 | 92.85 | OK | |
r-devel-linux-x86_64-debian-gcc | 0.3.0 | 1.88 | 68.18 | 70.06 | OK | |
r-devel-linux-x86_64-fedora-clang | 0.3.0 | 124.34 | NOTE | |||
r-devel-linux-x86_64-fedora-gcc | 0.3.0 | 130.66 | NOTE | |||
r-devel-windows-x86_64 | 0.3.0 | 3.00 | 101.00 | 104.00 | OK | |
r-patched-linux-x86_64 | 0.3.0 | 2.34 | 87.06 | 89.40 | OK | |
r-release-linux-x86_64 | 0.3.0 | 2.20 | 88.61 | 90.81 | OK | |
r-release-macos-arm64 | 0.3.0 | 43.00 | OK | |||
r-release-windows-x86_64 | 0.3.0 | 3.00 | 100.00 | 103.00 | OK | |
r-oldrel-macos-arm64 | 0.3.0 | 48.00 | OK | |||
r-oldrel-macos-x86_64 | 0.3.0 | 69.00 | OK | |||
r-oldrel-windows-x86_64 | 0.3.0 | 3.00 | 110.00 | 113.00 | OK |
Version: 0.3.0
Check: dependencies in R code
Result: NOTE
Namespace in Imports field not imported from: ‘tibble’
All declared Imports should be used.
Flavors: r-devel-linux-x86_64-fedora-clang, r-devel-linux-x86_64-fedora-gcc