CRAN Package Check Results for Package NPBayesImputeCat

Last updated on 2019-03-22 11:53:08 CET.

Flavor Version Tinstall Tcheck Ttotal Status Flags
r-devel-linux-x86_64-debian-clang 0.1 34.31 33.36 67.67 WARN
r-devel-linux-x86_64-debian-gcc 0.1 26.89 26.66 53.55 OK
r-devel-linux-x86_64-fedora-clang 0.1 101.97 WARN
r-devel-linux-x86_64-fedora-gcc 0.1 86.59 OK
r-devel-windows-ix86+x86_64 0.1 94.00 91.00 185.00 OK
r-patched-linux-x86_64 0.1 33.02 30.69 63.71 OK
r-patched-solaris-x86 0.1 96.60 OK
r-release-linux-x86_64 0.1 33.70 30.40 64.10 OK
r-release-windows-ix86+x86_64 0.1 85.00 66.00 151.00 OK
r-release-osx-x86_64 0.1 WARN
r-oldrel-windows-ix86+x86_64 0.1 68.00 90.00 158.00 OK
r-oldrel-osx-x86_64 0.1 OK

Check Details

Version: 0.1
Check: whether package can be installed
Result: WARN
    Found the following significant warnings:
     ./SpecialFunctions.h:122:3: warning: 'register' storage class specifier is deprecated and incompatible with C++17 [-Wdeprecated-register]
     ./SpecialFunctions.h:153:3: warning: 'register' storage class specifier is deprecated and incompatible with C++17 [-Wdeprecated-register]
     ./SpecialFunctions.h:154:3: warning: 'register' storage class specifier is deprecated and incompatible with C++17 [-Wdeprecated-register]
     ./SpecialFunctions.h:155:3: warning: 'register' storage class specifier is deprecated and incompatible with C++17 [-Wdeprecated-register]
     ./SpecialFunctions.h:197:3: warning: 'register' storage class specifier is deprecated and incompatible with C++17 [-Wdeprecated-register]
     ./SpecialFunctions.h:198:3: warning: 'register' storage class specifier is deprecated and incompatible with C++17 [-Wdeprecated-register]
Flavors: r-devel-linux-x86_64-debian-clang, r-devel-linux-x86_64-fedora-clang, r-release-osx-x86_64