CRAN Package Check Results for Package NPBayesImputeCat

Last updated on 2019-05-19 22:51:44 CEST.

Flavor Version Tinstall Tcheck Ttotal Status Flags
r-devel-linux-x86_64-debian-clang 0.1 36.15 32.87 69.02 WARN
r-devel-linux-x86_64-debian-gcc 0.1 27.46 26.74 54.20 OK
r-devel-linux-x86_64-fedora-clang 0.1 101.90 WARN
r-devel-linux-x86_64-fedora-gcc 0.1 86.49 OK
r-devel-windows-ix86+x86_64 0.1 96.00 87.00 183.00 OK
r-patched-linux-x86_64 0.1 32.63 32.71 65.34 OK
r-patched-solaris-x86 0.1 111.70 OK
r-release-linux-x86_64 0.1 31.64 32.91 64.55 OK
r-release-windows-ix86+x86_64 0.1 71.00 85.00 156.00 OK
r-release-osx-x86_64 0.1 WARN
r-oldrel-windows-ix86+x86_64 0.1 72.00 83.00 155.00 OK
r-oldrel-osx-x86_64 0.1 WARN

Check Details

Version: 0.1
Check: whether package can be installed
Result: WARN
    Found the following significant warnings:
     ./SpecialFunctions.h:122:3: warning: 'register' storage class specifier is deprecated and incompatible with C++17 [-Wdeprecated-register]
     ./SpecialFunctions.h:153:3: warning: 'register' storage class specifier is deprecated and incompatible with C++17 [-Wdeprecated-register]
     ./SpecialFunctions.h:154:3: warning: 'register' storage class specifier is deprecated and incompatible with C++17 [-Wdeprecated-register]
     ./SpecialFunctions.h:155:3: warning: 'register' storage class specifier is deprecated and incompatible with C++17 [-Wdeprecated-register]
     ./SpecialFunctions.h:197:3: warning: 'register' storage class specifier is deprecated and incompatible with C++17 [-Wdeprecated-register]
     ./SpecialFunctions.h:198:3: warning: 'register' storage class specifier is deprecated and incompatible with C++17 [-Wdeprecated-register]
Flavors: r-devel-linux-x86_64-debian-clang, r-devel-linux-x86_64-fedora-clang, r-release-osx-x86_64, r-oldrel-osx-x86_64