CRAN Package Check Results for Package NPCirc

Last updated on 2024-02-28 17:48:34 CET.

Flavor Version Tinstall Tcheck Ttotal Status Flags
r-devel-linux-x86_64-debian-clang 3.1.1 98.11 154.14 252.25 NOTE
r-devel-linux-x86_64-debian-gcc 3.1.1 75.80 113.17 188.97 NOTE
r-devel-linux-x86_64-fedora-clang 3.1.1 327.04 NOTE
r-devel-linux-x86_64-fedora-gcc 3.1.1 344.63 NOTE
r-devel-windows-x86_64 3.1.1 67.00 137.00 204.00 NOTE
r-patched-linux-x86_64 3.1.1 83.36 133.35 216.71 NOTE
r-release-linux-x86_64 3.1.1 86.45 132.61 219.06 NOTE
r-release-macos-arm64 3.1.1 81.00 NOTE
r-release-macos-x86_64 3.1.1 130.00 NOTE
r-release-windows-x86_64 3.1.1 89.00 157.00 246.00 NOTE
r-oldrel-macos-arm64 3.1.1 122.00 OK
r-oldrel-windows-x86_64 3.1.1 83.00 154.00 237.00 OK

Check Details

Version: 3.1.1
Check: C++ specification
Result: NOTE Specified C++11: please drop specification unless essential Flavors: r-devel-linux-x86_64-debian-clang, r-devel-linux-x86_64-debian-gcc, r-devel-linux-x86_64-fedora-clang, r-devel-linux-x86_64-fedora-gcc, r-devel-windows-x86_64, r-patched-linux-x86_64, r-release-linux-x86_64, r-release-macos-arm64, r-release-macos-x86_64, r-release-windows-x86_64

Version: 3.1.1
Check: Rd files
Result: NOTE checkRd: (-1) plot.regression.circular.Rd:35: Lost braces 35 | code{plot.type="circle"} and \code{x} is the output of \code{\link{kern.reg.circ.lin}}) or to \code{\link{lines3d}} (if \code{plot.type="circle"}) | ^ Flavors: r-devel-linux-x86_64-debian-clang, r-devel-linux-x86_64-debian-gcc, r-devel-linux-x86_64-fedora-clang, r-devel-linux-x86_64-fedora-gcc