CRAN Package Check Results for Package NestedCategBayesImpute

Last updated on 2019-05-24 17:52:19 CEST.

Flavor Version Tinstall Tcheck Ttotal Status Flags
r-devel-linux-x86_64-debian-clang 1.2.1 123.50 36.58 160.08 NOTE
r-devel-linux-x86_64-debian-gcc 1.2.1 98.45 28.58 127.03 NOTE
r-devel-linux-x86_64-fedora-clang 1.2.1 258.16 NOTE
r-devel-linux-x86_64-fedora-gcc 1.2.1 226.27 NOTE
r-devel-windows-ix86+x86_64 1.2.1 298.00 115.00 413.00 WARN
r-patched-linux-x86_64 1.2.1 NOTE
r-patched-solaris-x86 1.2.1 214.00 WARN
r-release-linux-x86_64 1.2.1 116.69 35.86 152.55 NOTE
r-release-windows-ix86+x86_64 1.2.1 396.00 75.00 471.00 WARN
r-release-osx-x86_64 1.2.1 NOTE
r-oldrel-windows-ix86+x86_64 1.2.1 389.00 71.00 460.00 NOTE
r-oldrel-osx-x86_64 1.2.1 NOTE

Check Details

Version: 1.2.1
Check: for GNU extensions in Makefiles
Result: NOTE
    GNU make is a SystemRequirements.
Flavors: r-devel-linux-x86_64-debian-clang, r-devel-linux-x86_64-debian-gcc, r-devel-linux-x86_64-fedora-clang, r-devel-linux-x86_64-fedora-gcc, r-devel-windows-ix86+x86_64, r-patched-linux-x86_64, r-patched-solaris-x86, r-release-linux-x86_64, r-release-windows-ix86+x86_64, r-release-osx-x86_64, r-oldrel-windows-ix86+x86_64, r-oldrel-osx-x86_64

Version: 1.2.1
Check: whether package can be installed
Result: WARN
    Found the following significant warnings:
     generateData.cpp:105:18: warning: passing NULL to non-pointer argument 1 of 'Rcpp::Vector<RTYPE, StoragePolicy>::Vector(const int&) [with int RTYPE = 19; StoragePolicy = Rcpp::PreserveStorage]' [-Wconversion-null]
Flavors: r-devel-windows-ix86+x86_64, r-patched-solaris-x86, r-release-windows-ix86+x86_64