CRAN Package Check Results for Package NestedCategBayesImpute

Last updated on 2019-07-16 05:48:23 CEST.

Flavor Version Tinstall Tcheck Ttotal Status Flags
r-devel-linux-x86_64-debian-clang 1.2.1 124.08 35.85 159.93 NOTE
r-devel-linux-x86_64-debian-gcc 1.2.1 100.74 28.62 129.36 NOTE
r-devel-linux-x86_64-fedora-clang 1.2.1 257.11 NOTE
r-devel-linux-x86_64-fedora-gcc 1.2.1 230.15 NOTE
r-devel-windows-ix86+x86_64 1.2.1 421.00 72.00 493.00 WARN
r-patched-linux-x86_64 1.2.1 121.31 36.12 157.43 NOTE
r-patched-solaris-x86 1.2.1 246.50 WARN
r-release-linux-x86_64 1.2.1 119.29 35.68 154.97 NOTE
r-release-windows-ix86+x86_64 1.2.1 261.00 104.00 365.00 WARN
r-release-osx-x86_64 1.2.1 NOTE
r-oldrel-windows-ix86+x86_64 1.2.1 491.00 103.00 594.00 NOTE
r-oldrel-osx-x86_64 1.2.1 NOTE

Check Details

Version: 1.2.1
Check: for GNU extensions in Makefiles
Result: NOTE
    GNU make is a SystemRequirements.
Flavors: r-devel-linux-x86_64-debian-clang, r-devel-linux-x86_64-debian-gcc, r-devel-linux-x86_64-fedora-clang, r-devel-linux-x86_64-fedora-gcc, r-devel-windows-ix86+x86_64, r-patched-linux-x86_64, r-patched-solaris-x86, r-release-linux-x86_64, r-release-windows-ix86+x86_64, r-release-osx-x86_64, r-oldrel-windows-ix86+x86_64, r-oldrel-osx-x86_64

Version: 1.2.1
Check: whether package can be installed
Result: WARN
    Found the following significant warnings:
     generateData.cpp:105:18: warning: passing NULL to non-pointer argument 1 of 'Rcpp::Vector<RTYPE, StoragePolicy>::Vector(const int&) [with int RTYPE = 19; StoragePolicy = Rcpp::PreserveStorage]' [-Wconversion-null]
Flavors: r-devel-windows-ix86+x86_64, r-patched-solaris-x86, r-release-windows-ix86+x86_64