CRAN Package Check Results for Package NetLogoR

Last updated on 2021-10-15 23:50:36 CEST.

Flavor Version Tinstall Tcheck Ttotal Status Flags
r-devel-linux-x86_64-debian-clang 0.3.8 53.09 418.97 472.06 NOTE
r-devel-linux-x86_64-debian-gcc 0.3.8 41.72 309.96 351.68 NOTE
r-devel-linux-x86_64-fedora-clang 0.3.8 418.57 NOTE
r-devel-linux-x86_64-fedora-gcc 0.3.8 579.59 NOTE
r-devel-windows-x86_64 0.3.8 84.00 255.00 339.00 NOTE
r-devel-windows-x86_64-gcc10-UCRT 0.3.8 NOTE
r-patched-linux-x86_64 0.3.8 56.87 400.29 457.16 NOTE
r-patched-solaris-x86 0.3.8 723.00 NOTE
r-release-linux-x86_64 0.3.8 47.57 394.68 442.25 NOTE
r-release-macos-arm64 0.3.8 NOTE
r-release-macos-x86_64 0.3.8 NOTE
r-release-windows-ix86+x86_64 0.3.8 82.00 362.00 444.00 NOTE
r-oldrel-macos-x86_64 0.3.8 NOTE
r-oldrel-windows-ix86+x86_64 0.3.8 79.00 353.00 432.00 NOTE

Additional issues

M1mac M1mac

Check Details

Version: 0.3.8
Check: package dependencies
Result: NOTE
    Package suggested but not available for checking: 'fastshp'
Flavors: r-devel-linux-x86_64-debian-clang, r-devel-linux-x86_64-debian-gcc, r-devel-linux-x86_64-fedora-clang, r-devel-linux-x86_64-fedora-gcc, r-devel-windows-x86_64, r-devel-windows-x86_64-gcc10-UCRT, r-patched-linux-x86_64, r-patched-solaris-x86, r-release-linux-x86_64, r-release-macos-arm64, r-release-macos-x86_64, r-release-windows-ix86+x86_64, r-oldrel-macos-x86_64, r-oldrel-windows-ix86+x86_64