Last updated on 2024-04-23 11:55:51 CEST.
Flavor | Version | Tinstall | Tcheck | Ttotal | Status | Flags |
---|---|---|---|---|---|---|
r-devel-linux-x86_64-debian-clang | 1.2.4 | 51.90 | 117.45 | 169.35 | NOTE | |
r-devel-linux-x86_64-debian-gcc | 1.2.4 | 47.46 | 86.90 | 134.36 | NOTE | |
r-devel-linux-x86_64-fedora-clang | 1.2.4 | 248.78 | NOTE | |||
r-devel-linux-x86_64-fedora-gcc | 1.2.4 | 258.06 | NOTE | |||
r-prerel-macos-arm64 | 1.2.4 | 68.00 | NOTE | |||
r-prerel-windows-x86_64 | 1.2.4 | 56.00 | 115.00 | 171.00 | NOTE | |
r-patched-linux-x86_64 | 1.2.4 | 58.77 | 108.39 | 167.16 | NOTE | |
r-release-linux-x86_64 | 1.2.4 | 41.42 | 107.33 | 148.75 | NOTE | |
r-release-macos-arm64 | 1.2.4 | 72.00 | NOTE | |||
r-release-macos-x86_64 | 1.2.4 | 113.00 | NOTE | |||
r-release-windows-x86_64 | 1.2.4 | 66.00 | 141.00 | 207.00 | NOTE | |
r-oldrel-macos-arm64 | 1.2.4 | 60.00 | OK | |||
r-oldrel-windows-x86_64 | 1.2.4 | 65.00 | 136.00 | 201.00 | OK |
Version: 1.2.4
Check: C++ specification
Result: NOTE
Specified C++11: please drop specification unless essential
Flavors: r-devel-linux-x86_64-debian-clang, r-devel-linux-x86_64-debian-gcc, r-devel-linux-x86_64-fedora-clang, r-devel-linux-x86_64-fedora-gcc, r-prerel-macos-arm64, r-prerel-windows-x86_64, r-patched-linux-x86_64, r-release-linux-x86_64, r-release-macos-arm64, r-release-macos-x86_64, r-release-windows-x86_64