Last updated on 2024-05-02 11:51:28 CEST.
Flavor | Version | Tinstall | Tcheck | Ttotal | Status | Flags |
---|---|---|---|---|---|---|
r-devel-linux-x86_64-debian-clang | 1.0.11 | 2.28 | 81.93 | 84.21 | OK | |
r-devel-linux-x86_64-debian-gcc | 1.0.11 | 2.44 | 58.59 | 61.03 | OK | |
r-devel-linux-x86_64-fedora-clang | 1.0.11 | 108.74 | OK | |||
r-devel-linux-x86_64-fedora-gcc | 1.0.11 | 113.24 | OK | |||
r-devel-windows-x86_64 | 1.0.11 | 7.00 | 101.00 | 108.00 | OK | |
r-patched-linux-x86_64 | 1.0.11 | 3.51 | 72.88 | 76.39 | OK | |
r-release-linux-x86_64 | 1.0.10 | 3.34 | 74.45 | 77.79 | NOTE | |
r-release-macos-arm64 | 1.0.11 | 62.00 | OK | |||
r-release-macos-x86_64 | 1.0.11 | 141.00 | OK | |||
r-release-windows-x86_64 | 1.0.11 | 7.00 | 100.00 | 107.00 | OK | |
r-oldrel-macos-arm64 | 1.0.11 | 55.00 | OK | |||
r-oldrel-macos-x86_64 | 1.0.11 | 123.00 | OK | |||
r-oldrel-windows-x86_64 | 1.0.11 | 8.00 | 93.00 | 101.00 | OK |
Version: 1.0.10
Check: Rd files
Result: NOTE
checkRd: (-1) 03-MixOf3Beta-class.Rd:35: Lost braces; missing escapes or markup?
35 | parameters \code{L} and {M} (in that order).}
| ^
Flavor: r-release-linux-x86_64