Last updated on 2024-08-16 11:49:46 CEST.
Flavor | Version | Tinstall | Tcheck | Ttotal | Status | Flags |
---|---|---|---|---|---|---|
r-devel-linux-x86_64-debian-clang | 0.0.4 | 47.75 | 155.86 | 203.61 | NOTE | |
r-devel-linux-x86_64-debian-gcc | 0.0.4 | 28.44 | 106.57 | 135.01 | NOTE | |
r-devel-linux-x86_64-fedora-clang | 0.0.4 | 341.05 | OK | |||
r-devel-linux-x86_64-fedora-gcc | 0.0.4 | 344.44 | OK | |||
r-devel-windows-x86_64 | 0.0.4 | 46.00 | 176.00 | 222.00 | NOTE | |
r-patched-linux-x86_64 | 0.0.4 | 44.07 | 145.82 | 189.89 | OK | |
r-release-linux-x86_64 | 0.0.4 | 41.86 | 147.54 | 189.40 | OK | |
r-release-macos-arm64 | 0.0.4 | 92.00 | OK | |||
r-release-macos-x86_64 | 0.0.4 | 135.00 | OK | |||
r-release-windows-x86_64 | 0.0.4 | 46.00 | 178.00 | 224.00 | OK | |
r-oldrel-macos-arm64 | 0.0.4 | 101.00 | OK | |||
r-oldrel-macos-x86_64 | 0.0.4 | 184.00 | OK | |||
r-oldrel-windows-x86_64 | 0.0.4 | 56.00 | 230.00 | 286.00 | OK |
Version: 0.0.4
Check: Rd cross-references
Result: NOTE
Found the following Rd file(s) with Rd \link{} targets missing package
anchors:
ODT.Rd: as.party
PPO.Rd: nnet, Pursuit
as.party.ODT.Rd: party
plot.ODT.Rd: as.party
Please provide package anchors for all Rd \link{} targets not in the
package itself and the base packages.
Flavors: r-devel-linux-x86_64-debian-clang, r-devel-linux-x86_64-debian-gcc, r-devel-windows-x86_64