CRAN Package Check Results for Package ODataQuery

Last updated on 2024-05-22 12:21:30 CEST.

Flavor Version Tinstall Tcheck Ttotal Status Flags
r-devel-linux-x86_64-debian-clang 0.5.3 3.25 33.44 36.69 OK
r-devel-linux-x86_64-debian-gcc 0.5.3 2.66 25.83 28.49 OK
r-devel-linux-x86_64-fedora-clang 0.5.3 48.19 NOTE
r-devel-linux-x86_64-fedora-gcc 0.5.3 58.37 NOTE
r-devel-windows-x86_64 0.5.3 4.00 54.00 58.00 OK
r-patched-linux-x86_64 0.5.3 2.95 32.83 35.78 OK
r-release-linux-x86_64 0.5.3 3.75 33.10 36.85 OK
r-release-macos-arm64 0.5.3 35.00 OK
r-release-windows-x86_64 0.5.3 5.00 54.00 59.00 OK
r-oldrel-macos-arm64 0.5.3 29.00 OK
r-oldrel-macos-x86_64 0.5.3 37.00 OK
r-oldrel-windows-x86_64 0.5.3 4.00 56.00 60.00 OK

Check Details

Version: 0.5.3
Check: dependencies in R code
Result: NOTE Namespace in Imports field not imported from: ‘R6’ All declared Imports should be used. Flavors: r-devel-linux-x86_64-fedora-clang, r-devel-linux-x86_64-fedora-gcc