CRAN Package Check Results for Package OOS

Last updated on 2023-03-31 05:54:30 CEST.

Flavor Version Tinstall Tcheck Ttotal Status Flags
r-devel-linux-x86_64-debian-clang 1.0.0 3.00 385.82 388.82 NOTE
r-devel-linux-x86_64-debian-gcc 1.0.0 3.01 279.75 282.76 NOTE
r-devel-linux-x86_64-fedora-clang 1.0.0 455.06 NOTE
r-devel-linux-x86_64-fedora-gcc 1.0.0 483.89 NOTE
r-devel-windows-x86_64 1.0.0 20.00 418.00 438.00 NOTE
r-patched-linux-x86_64 1.0.0 3.97 363.65 367.62 NOTE
r-release-linux-x86_64 1.0.0 2.51 371.13 373.64 NOTE
r-release-macos-arm64 1.0.0 97.00 NOTE
r-release-macos-x86_64 1.0.0 178.00 NOTE
r-release-windows-x86_64 1.0.0 23.00 406.00 429.00 NOTE
r-oldrel-macos-arm64 1.0.0 113.00 NOTE
r-oldrel-macos-x86_64 1.0.0 211.00 NOTE
r-oldrel-windows-ix86+x86_64 1.0.0 10.00 435.00 445.00 NOTE

Check Details

Version: 1.0.0
Check: LazyData
Result: NOTE
     'LazyData' is specified without a 'data' directory
Flavors: r-devel-linux-x86_64-debian-clang, r-devel-linux-x86_64-debian-gcc, r-devel-linux-x86_64-fedora-clang, r-devel-linux-x86_64-fedora-gcc, r-devel-windows-x86_64, r-patched-linux-x86_64, r-release-linux-x86_64, r-release-macos-arm64, r-release-macos-x86_64, r-release-windows-x86_64, r-oldrel-macos-arm64, r-oldrel-macos-x86_64, r-oldrel-windows-ix86+x86_64

Version: 1.0.0
Check: dependencies in R code
Result: NOTE
    Initiating curl with CURL_SSL_BACKEND: openssl
Flavor: r-oldrel-windows-ix86+x86_64