Last updated on 2024-08-16 11:49:46 CEST.
Flavor | Version | Tinstall | Tcheck | Ttotal | Status | Flags |
---|---|---|---|---|---|---|
r-devel-linux-x86_64-debian-clang | 1.0.0 | 3.06 | 300.20 | 303.26 | NOTE | |
r-devel-linux-x86_64-debian-gcc | 1.0.0 | 2.32 | 166.52 | 168.84 | NOTE | |
r-devel-linux-x86_64-fedora-clang | 1.0.0 | 505.61 | NOTE | |||
r-devel-linux-x86_64-fedora-gcc | 1.0.0 | 476.29 | NOTE | |||
r-devel-windows-x86_64 | 1.0.0 | 5.00 | 247.00 | 252.00 | NOTE | |
r-patched-linux-x86_64 | 1.0.0 | 3.29 | 280.91 | 284.20 | NOTE | |
r-release-linux-x86_64 | 1.0.0 | 2.90 | 279.63 | 282.53 | NOTE | |
r-release-macos-arm64 | 1.0.0 | 124.00 | NOTE | |||
r-release-macos-x86_64 | 1.0.0 | 190.00 | NOTE | |||
r-release-windows-x86_64 | 1.0.0 | 4.00 | 251.00 | 255.00 | NOTE | |
r-oldrel-macos-arm64 | 1.0.0 | 124.00 | NOTE | |||
r-oldrel-macos-x86_64 | 1.0.0 | 223.00 | NOTE | |||
r-oldrel-windows-x86_64 | 1.0.0 | 5.00 | 360.00 | 365.00 | NOTE |
Version: 1.0.0
Check: LazyData
Result: NOTE
'LazyData' is specified without a 'data' directory
Flavors: r-devel-linux-x86_64-debian-clang, r-devel-linux-x86_64-debian-gcc, r-devel-linux-x86_64-fedora-clang, r-devel-linux-x86_64-fedora-gcc, r-devel-windows-x86_64, r-patched-linux-x86_64, r-release-linux-x86_64, r-release-macos-arm64, r-release-macos-x86_64, r-release-windows-x86_64, r-oldrel-macos-arm64, r-oldrel-macos-x86_64, r-oldrel-windows-x86_64