CRAN Package Check Results for Package ORIClust

Last updated on 2019-04-25 05:49:48 CEST.

Flavor Version Tinstall Tcheck Ttotal Status Flags
r-devel-linux-x86_64-debian-clang 1.0-1 3.47 35.45 38.92 NOTE
r-devel-linux-x86_64-debian-gcc 1.0-1 3.16 26.44 29.60 NOTE
r-devel-linux-x86_64-fedora-clang 1.0-1 45.01 NOTE
r-devel-linux-x86_64-fedora-gcc 1.0-1 45.09 NOTE
r-devel-windows-ix86+x86_64 1.0-1 8.00 55.00 63.00 NOTE
r-patched-linux-x86_64 1.0-1 4.15 34.89 39.04 NOTE
r-patched-solaris-x86 1.0-1 60.10 NOTE
r-release-linux-x86_64 1.0-1 2.46 33.20 35.66 NOTE
r-release-windows-ix86+x86_64 1.0-1 4.00 40.00 44.00 NOTE
r-release-osx-x86_64 1.0-1 NOTE
r-oldrel-windows-ix86+x86_64 1.0-1 2.00 44.00 46.00 NOTE
r-oldrel-osx-x86_64 1.0-1 NOTE

Check Details

Version: 1.0-1
Check: R code for possible problems
Result: NOTE
    ORICC1: no visible binding for global variable 'sd'
    ORICC1: no visible global function definition for 'write.table'
    ORICC1: no visible global function definition for 'postscript'
    ORICC1: no visible global function definition for 'jpeg'
    ORICC1: no visible global function definition for 'plot'
    ORICC1: no visible global function definition for 'points'
    ORICC1: no visible global function definition for 'dev.off'
    ORICC1: no visible global function definition for 'par'
    ORICC2: no visible binding for global variable 'sd'
    ORICC2: no visible global function definition for 'write.table'
    ORICC2: no visible global function definition for 'postscript'
    ORICC2: no visible global function definition for 'jpeg'
    ORICC2: no visible global function definition for 'plot'
    ORICC2: no visible global function definition for 'points'
    ORICC2: no visible global function definition for 'dev.off'
    ORICC2: no visible global function definition for 'par'
    Undefined global functions or variables:
     dev.off jpeg par plot points postscript sd write.table
    Consider adding
     importFrom("grDevices", "dev.off", "jpeg", "postscript")
     importFrom("graphics", "par", "plot", "points")
     importFrom("stats", "sd")
     importFrom("utils", "write.table")
    to your NAMESPACE file.
Flavors: r-devel-linux-x86_64-debian-clang, r-devel-linux-x86_64-debian-gcc, r-devel-linux-x86_64-fedora-clang, r-devel-linux-x86_64-fedora-gcc, r-devel-windows-ix86+x86_64, r-patched-linux-x86_64, r-patched-solaris-x86, r-release-linux-x86_64, r-release-windows-ix86+x86_64, r-release-osx-x86_64, r-oldrel-windows-ix86+x86_64, r-oldrel-osx-x86_64