CRAN Package Check Results for Package OSMscale

Last updated on 2024-07-22 11:56:32 CEST.

Flavor Version Tinstall Tcheck Ttotal Status Flags
r-devel-linux-x86_64-debian-clang 0.5.20 34.73 363.97 398.70 OK
r-devel-linux-x86_64-debian-gcc 0.5.20 26.73 258.81 285.54 NOTE
r-devel-linux-x86_64-fedora-clang 0.5.20 484.67 OK
r-devel-linux-x86_64-fedora-gcc 0.5.20 465.92 OK
r-devel-windows-x86_64 0.5.20 31.00 219.00 250.00 NOTE
r-patched-linux-x86_64 0.5.20 37.61 336.63 374.24 OK
r-release-linux-x86_64 0.5.20 32.38 335.74 368.12 OK
r-release-macos-arm64 0.5.20 101.00 OK
r-release-macos-x86_64 0.5.20 180.00 OK
r-release-windows-x86_64 0.5.20 29.00 218.00 247.00 OK
r-oldrel-macos-arm64 0.5.20 118.00 OK
r-oldrel-macos-x86_64 0.5.20 271.00 OK
r-oldrel-windows-x86_64 0.5.20 41.00 300.00 341.00 OK

Check Details

Version: 0.5.20
Check: Rd cross-references
Result: NOTE Found the following Rd file(s) with Rd \link{} targets missing package anchors: equidistPoints.Rd: approx2 pointsMap.Rd: openmap randomPoints.Rd: distance Please provide package anchors for all Rd \link{} targets not in the package itself and the base packages. Flavors: r-devel-linux-x86_64-debian-gcc, r-devel-windows-x86_64