Last updated on 2025-05-01 05:51:38 CEST.
Flavor | Version | Tinstall | Tcheck | Ttotal | Status | Flags |
---|---|---|---|---|---|---|
r-devel-linux-x86_64-debian-clang | 2.4.1 | 8.63 | 66.76 | 75.39 | NOTE | |
r-devel-linux-x86_64-debian-gcc | 2.4.1 | 5.62 | 45.68 | 51.30 | OK | |
r-devel-linux-x86_64-fedora-clang | 2.4.1 | 107.11 | OK | |||
r-devel-linux-x86_64-fedora-gcc | 2.4.1 | 99.11 | OK | |||
r-devel-windows-x86_64 | 2.4.1 | 10.00 | 74.00 | 84.00 | OK | |
r-patched-linux-x86_64 | 2.4.1 | 7.35 | 60.54 | 67.89 | OK | |
r-release-linux-x86_64 | 2.4.1 | 7.48 | 60.68 | 68.16 | OK | |
r-release-macos-arm64 | 2.4.1 | 31.00 | OK | |||
r-release-macos-x86_64 | 2.4.1 | 54.00 | OK | |||
r-release-windows-x86_64 | 2.4.1 | 10.00 | 76.00 | 86.00 | OK | |
r-oldrel-macos-arm64 | 2.4.1 | 31.00 | OK | |||
r-oldrel-macos-x86_64 | 2.4.1 | 45.00 | OK | |||
r-oldrel-windows-x86_64 | 2.4.1 | 11.00 | 93.00 | 104.00 | OK |
Version: 2.4.1
Check: examples
Result: NOTE
Examples with CPU (user + system) or elapsed time > 5s
user system elapsed
plot_fit 7.178 0.225 10.021
Flavor: r-devel-linux-x86_64-debian-clang
Version: 2.4.1
Check: examples
Result: NA
user system elapsed
plot_fit 4.678 0.21 6.496
OK
Flavor: r-devel-linux-x86_64-debian-gcc