Last updated on 2024-04-19 06:03:27 CEST.
Flavor | Version | Tinstall | Tcheck | Ttotal | Status | Flags |
---|---|---|---|---|---|---|
r-devel-linux-x86_64-debian-clang | 3.7.0 | 22.11 | 565.47 | 587.58 | OK | |
r-devel-linux-x86_64-debian-gcc | 3.7.0 | OK | ||||
r-devel-linux-x86_64-fedora-clang | 3.7.0 | 715.16 | OK | |||
r-devel-linux-x86_64-fedora-gcc | 3.7.0 | 753.36 | OK | |||
r-prerel-macos-arm64 | 3.7.0 | 214.00 | ERROR | |||
r-prerel-macos-x86_64 | 3.7.0 | 230.00 | OK | |||
r-prerel-windows-x86_64 | 3.7.0 | 21.00 | 407.00 | 428.00 | OK | |
r-patched-linux-x86_64 | 3.7.0 | 14.63 | 541.22 | 555.85 | OK | |
r-release-linux-x86_64 | 3.7.0 | 18.41 | 531.49 | 549.90 | OK | |
r-release-macos-arm64 | 3.7.0 | 152.00 | OK | |||
r-release-macos-x86_64 | 3.7.0 | 243.00 | OK | |||
r-release-windows-x86_64 | 3.7.0 | 26.00 | 542.00 | 568.00 | OK | |
r-oldrel-macos-arm64 | 3.7.0 | 161.00 | OK | |||
r-oldrel-windows-x86_64 | 3.7.0 | 28.00 | 535.00 | 563.00 | OK |
Version: 3.7.0
Check: tests
Result: ERROR
Running ‘testthat.R’ [73s/77s]
Running the tests in ‘tests/testthat.R’ failed.
Last 13 lines of output:
• pca_plot/pca-basic-plotting.svg
• pca_plot/pca-plot-color-by-treatment.svg
• pca_plot/pca-plot-drop-assays-and-drop-samples.svg
• pca_plot/pca-plot-internal-2.svg
• pca_plot/pca-plot-internal-3.svg
• pca_plot/pca-plot-internal-4.svg
• pca_plot/pca-plot-internal.svg
• pca_plot/pca-plot-label-outliers.svg
• pca_plot/pca-plot-not-label-outliers.svg
• pca_plot/pca-plot-panel-1.svg
• pca_plot/pca-plot-panel-2.svg
• pca_plot/pca-plot-with-loadings.svg
• pca_plot/pca-plot.svg
Error: Test failures
Execution halted
Flavor: r-prerel-macos-arm64