CRAN Package Check Results for Package OmicInt

Last updated on 2022-05-19 00:52:56 CEST.

Flavor Version Tinstall Tcheck Ttotal Status Flags
r-devel-linux-x86_64-debian-clang 1.1.7 10.24 107.58 117.82 OK
r-devel-linux-x86_64-debian-gcc 1.1.7 9.36 80.37 89.73 OK
r-devel-linux-x86_64-fedora-clang 1.1.7 99.41 NOTE
r-devel-linux-x86_64-fedora-gcc 1.1.7 87.32 NOTE
r-devel-windows-x86_64 1.1.7 25.00 122.00 147.00 OK
r-patched-linux-x86_64 1.1.7 7.11 101.09 108.20 OK
r-release-linux-x86_64 1.1.7 7.23 102.45 109.68 OK
r-release-macos-arm64 1.1.7 40.00 NOTE
r-release-macos-x86_64 1.1.7 62.00 NOTE
r-release-windows-x86_64 1.1.7 28.00 121.00 149.00 OK
r-oldrel-macos-arm64 1.1.7 40.00 NOTE
r-oldrel-macos-x86_64 1.1.7 54.00 NOTE
r-oldrel-windows-ix86+x86_64 1.1.7 27.00 118.00 145.00 OK

Check Details

Version: 1.1.7
Check: dependencies in R code
Result: NOTE
    Namespaces in Imports field not imported from:
     ‘knitr’ ‘rmarkdown’
     All declared Imports should be used.
Flavors: r-devel-linux-x86_64-fedora-clang, r-devel-linux-x86_64-fedora-gcc, r-release-macos-arm64, r-release-macos-x86_64, r-oldrel-macos-arm64, r-oldrel-macos-x86_64