CRAN Package Check Results for Package Omisc

Last updated on 2023-10-05 01:01:51 CEST.

Flavor Version Tinstall Tcheck Ttotal Status Flags
r-devel-linux-x86_64-debian-clang 0.1.5 3.92 59.84 63.76 OK
r-devel-linux-x86_64-debian-gcc 0.1.5 2.94 46.31 49.25 OK
r-devel-linux-x86_64-fedora-clang 0.1.5 80.55 NOTE
r-devel-linux-x86_64-fedora-gcc 0.1.5 74.24 NOTE
r-devel-windows-x86_64 0.1.5 5.00 75.00 80.00 OK
r-patched-linux-x86_64 0.1.5 4.63 55.91 60.54 OK
r-release-linux-x86_64 0.1.5 3.93 55.75 59.68 OK
r-release-macos-arm64 0.1.5 25.00 OK
r-release-macos-x86_64 0.1.5 41.00 OK
r-release-windows-x86_64 0.1.5 6.00 83.00 89.00 OK
r-oldrel-macos-arm64 0.1.5 27.00 NOTE
r-oldrel-macos-x86_64 0.1.5 34.00 NOTE
r-oldrel-windows-x86_64 0.1.5 6.00 82.00 88.00 OK

Check Details

Version: 0.1.5
Check: dependencies in R code
Result: NOTE
    Namespace in Imports field not imported from: ‘base’
     All declared Imports should be used.
Flavors: r-devel-linux-x86_64-fedora-clang, r-devel-linux-x86_64-fedora-gcc, r-oldrel-macos-arm64, r-oldrel-macos-x86_64