CRAN Package Check Results for Package Omisc

Last updated on 2024-07-23 23:48:18 CEST.

Flavor Version Tinstall Tcheck Ttotal Status Flags
r-devel-linux-x86_64-debian-clang 0.1.5 3.43 57.34 60.77 OK
r-devel-linux-x86_64-debian-gcc 0.1.5 3.15 43.89 47.04 OK
r-devel-linux-x86_64-fedora-clang 0.1.5 77.53 NOTE
r-devel-linux-x86_64-fedora-gcc 0.1.5 76.92 NOTE
r-devel-windows-x86_64 0.1.5 5.00 73.00 78.00 OK
r-patched-linux-x86_64 0.1.5 4.90 56.55 61.45 OK
r-release-linux-x86_64 0.1.5 3.82 56.75 60.57 OK
r-release-macos-arm64 0.1.5 25.00 OK
r-release-macos-x86_64 0.1.5 37.00 OK
r-release-windows-x86_64 0.1.5 4.00 76.00 80.00 OK
r-oldrel-macos-arm64 0.1.5 25.00 OK
r-oldrel-macos-x86_64 0.1.5 41.00 OK
r-oldrel-windows-x86_64 0.1.5 5.00 84.00 89.00 OK

Check Details

Version: 0.1.5
Check: dependencies in R code
Result: NOTE Namespace in Imports field not imported from: ‘base’ All declared Imports should be used. Flavors: r-devel-linux-x86_64-fedora-clang, r-devel-linux-x86_64-fedora-gcc