Last updated on 2024-03-29 11:54:00 CET.
Flavor | Version | Tinstall | Tcheck | Ttotal | Status | Flags |
---|---|---|---|---|---|---|
r-devel-linux-x86_64-debian-clang | 0.2-10 | 4.32 | 30.95 | 35.27 | NOTE | |
r-devel-linux-x86_64-debian-gcc | 0.2-10 | 3.21 | 23.39 | 26.60 | NOTE | |
r-devel-linux-x86_64-fedora-clang | 0.2-10 | 35.92 | NOTE | |||
r-devel-linux-x86_64-fedora-gcc | 0.2-10 | 35.28 | NOTE | |||
r-devel-windows-x86_64 | 0.2-10 | 18.00 | 41.00 | 59.00 | NOTE | |
r-patched-linux-x86_64 | 0.2-10 | 3.99 | 31.26 | 35.25 | NOTE | |
r-release-linux-x86_64 | 0.2-10 | 4.27 | 31.33 | 35.60 | NOTE | |
r-release-macos-arm64 | 0.2-10 | 21.00 | NOTE | |||
r-release-macos-x86_64 | 0.2-10 | 34.00 | NOTE | |||
r-release-windows-x86_64 | 0.2-10 | 19.00 | 31.00 | 50.00 | NOTE | |
r-oldrel-macos-arm64 | 0.2-10 | 22.00 | NOTE | |||
r-oldrel-windows-x86_64 | 0.2-10 | 8.00 | 34.00 | 42.00 | NOTE |
Version: 0.2-10
Check: DESCRIPTION meta-information
Result: NOTE
License stub is invalid DCF.
Flavors: r-devel-linux-x86_64-debian-clang, r-devel-linux-x86_64-debian-gcc, r-devel-linux-x86_64-fedora-clang, r-devel-linux-x86_64-fedora-gcc, r-patched-linux-x86_64
Version: 0.2-10
Check: for GNU extensions in Makefiles
Result: NOTE
GNU make is a SystemRequirements.
Flavors: r-devel-linux-x86_64-debian-clang, r-devel-linux-x86_64-debian-gcc, r-devel-linux-x86_64-fedora-clang, r-devel-linux-x86_64-fedora-gcc, r-devel-windows-x86_64, r-patched-linux-x86_64, r-release-linux-x86_64, r-release-macos-arm64, r-release-macos-x86_64, r-release-windows-x86_64, r-oldrel-macos-arm64, r-oldrel-windows-x86_64