CRAN Package Check Results for Package OpenCL

Last updated on 2019-04-22 00:00:56 CEST.

Flavor Version Tinstall Tcheck Ttotal Status Flags
r-devel-linux-x86_64-debian-clang 0.1-3.1 2.48 15.98 18.46 NOTE --no-examples --no-tests --no-vignettes
r-devel-linux-x86_64-debian-gcc 0.1-3.1 1.92 13.13 15.05 NOTE --no-examples --no-tests --no-vignettes
r-patched-linux-x86_64 0.1-3.1 2.27 16.06 18.33 NOTE --no-examples --no-tests --no-vignettes
r-release-linux-x86_64 0.1-3.1 1.81 15.13 16.94 NOTE --no-examples --no-tests --no-vignettes
r-release-windows-ix86+x86_64 0.1-3 1.00 3.00 4.00 ERROR
r-release-osx-x86_64 0.1-3.1 ERROR
r-oldrel-osx-x86_64 0.1-3.1 ERROR

Check Details

Version: 0.1-3.1
Flags: --no-examples --no-tests --no-vignettes
Check: DESCRIPTION meta-information
Result: NOTE
    Deprecated license: BSD
Flavors: r-devel-linux-x86_64-debian-clang, r-devel-linux-x86_64-debian-gcc, r-patched-linux-x86_64, r-release-linux-x86_64

Version: 0.1-3.1
Flags: --no-examples --no-tests --no-vignettes
Check: top-level files
Result: NOTE
    File
     LICENSE
    is not mentioned in the DESCRIPTION file.
Flavors: r-devel-linux-x86_64-debian-clang, r-devel-linux-x86_64-debian-gcc, r-patched-linux-x86_64, r-release-linux-x86_64

Version: 0.1-3
Check: whether package can be installed
Result: ERROR
    Installation failed.
Flavor: r-release-windows-ix86+x86_64

Version: 0.1-3.1
Check: whether package can be installed
Result: ERROR
    Installation failed.
Flavors: r-release-osx-x86_64, r-oldrel-osx-x86_64