CRAN Package Check Results for Package OpenCL

Last updated on 2019-07-16 05:48:24 CEST.

Flavor Version Tinstall Tcheck Ttotal Status Flags
r-devel-linux-x86_64-debian-clang 0.1-3.1 2.92 15.89 18.81 NOTE --no-examples --no-tests --no-vignettes
r-devel-linux-x86_64-debian-gcc 0.1-3.1 2.16 13.05 15.21 NOTE --no-examples --no-tests --no-vignettes
r-devel-windows-ix86+x86_64 0.1-3.1 2.00 3.00 5.00 ERROR
r-patched-linux-x86_64 0.1-3.1 2.73 15.74 18.47 NOTE --no-examples --no-tests --no-vignettes
r-release-linux-x86_64 0.1-3.1 2.70 15.78 18.48 NOTE --no-examples --no-tests --no-vignettes
r-release-osx-x86_64 0.1-3.1 ERROR
r-oldrel-windows-ix86+x86_64 0.1-3 1.00 3.00 4.00 ERROR
r-oldrel-osx-x86_64 0.1-3.1 ERROR

Check Details

Version: 0.1-3.1
Flags: --no-examples --no-tests --no-vignettes
Check: DESCRIPTION meta-information
Result: NOTE
    Deprecated license: BSD
Flavors: r-devel-linux-x86_64-debian-clang, r-devel-linux-x86_64-debian-gcc, r-patched-linux-x86_64, r-release-linux-x86_64

Version: 0.1-3.1
Flags: --no-examples --no-tests --no-vignettes
Check: top-level files
Result: NOTE
    File
     LICENSE
    is not mentioned in the DESCRIPTION file.
Flavors: r-devel-linux-x86_64-debian-clang, r-devel-linux-x86_64-debian-gcc, r-patched-linux-x86_64, r-release-linux-x86_64

Version: 0.1-3.1
Check: whether package can be installed
Result: ERROR
    Installation failed.
Flavors: r-devel-windows-ix86+x86_64, r-release-osx-x86_64, r-oldrel-osx-x86_64

Version: 0.1-3
Check: whether package can be installed
Result: ERROR
    Installation failed.
Flavor: r-oldrel-windows-ix86+x86_64