Last updated on 2023-06-05 18:54:10 CEST.
Flavor | Version | Tinstall | Tcheck | Ttotal | Status | Flags |
---|---|---|---|---|---|---|
r-devel-linux-x86_64-debian-clang | 1.2.9 | 69.63 | 114.39 | 184.02 | OK | |
r-devel-linux-x86_64-debian-gcc | 1.2.9 | 55.48 | 83.73 | 139.21 | OK | |
r-devel-linux-x86_64-fedora-clang | 1.2.9 | 233.31 | OK | |||
r-devel-linux-x86_64-fedora-gcc | 1.2.9 | 247.09 | OK | |||
r-devel-windows-x86_64 | 1.2.9 | 55.00 | 149.00 | 204.00 | NOTE | |
r-patched-linux-x86_64 | 1.2.9 | 55.53 | 104.39 | 159.92 | OK | |
r-release-linux-x86_64 | 1.2.9 | 59.07 | 104.02 | 163.09 | OK | |
r-release-macos-arm64 | 1.2.9 | 83.00 | NOTE | |||
r-release-macos-x86_64 | 1.2.8 | 123.00 | NOTE | |||
r-release-windows-x86_64 | 1.2.9 | 65.00 | 169.00 | 234.00 | NOTE | |
r-oldrel-macos-arm64 | 1.2.9 | 87.00 | NOTE | |||
r-oldrel-macos-x86_64 | 1.2.9 | 83.00 | NOTE | |||
r-oldrel-windows-x86_64 | 1.2.9 | 63.00 | 162.00 | 225.00 | NOTE |
Version: 1.2.9
Check: installed package size
Result: NOTE
installed size is 5.1Mb
sub-directories of 1Mb or more:
doc 2.5Mb
libs 1.6Mb
Flavors: r-devel-windows-x86_64, r-release-macos-arm64, r-release-windows-x86_64, r-oldrel-macos-arm64, r-oldrel-macos-x86_64, r-oldrel-windows-x86_64
Version: 1.2.8
Check: C++ specification
Result: NOTE
Specified C++11: please drop specification unless essential
Flavor: r-release-macos-x86_64
Version: 1.2.8
Check: installed package size
Result: NOTE
installed size is 10.6Mb
sub-directories of 1Mb or more:
doc 2.4Mb
libs 7.1Mb
Flavor: r-release-macos-x86_64