Last updated on 2024-05-07 23:53:49 CEST.
Flavor | Version | Tinstall | Tcheck | Ttotal | Status | Flags |
---|---|---|---|---|---|---|
r-devel-linux-x86_64-debian-clang | 0.0.4 | 21.80 | 67.78 | 89.58 | OK | |
r-devel-linux-x86_64-debian-gcc | 0.0.4 | 18.47 | 50.79 | 69.26 | OK | |
r-devel-linux-x86_64-fedora-clang | 0.0.4 | 122.13 | NOTE | |||
r-devel-linux-x86_64-fedora-gcc | 0.0.4 | 184.94 | NOTE | |||
r-devel-windows-x86_64 | 0.0.4 | 21.00 | 89.00 | 110.00 | OK | |
r-patched-linux-x86_64 | 0.0.4 | 26.15 | 63.26 | 89.41 | OK | |
r-release-linux-x86_64 | 0.0.4 | 25.89 | 65.04 | 90.93 | OK | |
r-release-macos-arm64 | 0.0.4 | 41.00 | OK | |||
r-release-windows-x86_64 | 0.0.4 | 22.00 | 84.00 | 106.00 | OK | |
r-oldrel-macos-arm64 | 0.0.4 | 40.00 | OK | |||
r-oldrel-macos-x86_64 | 0.0.4 | 66.00 | OK | |||
r-oldrel-windows-x86_64 | 0.0.4 | 25.00 | 101.00 | 126.00 | OK |
Version: 0.0.4
Check: dependencies in R code
Result: NOTE
Namespace in Imports field not imported from: ‘reshape2’
All declared Imports should be used.
Flavors: r-devel-linux-x86_64-fedora-clang, r-devel-linux-x86_64-fedora-gcc