CRAN Package Check Results for Package OptHedging

Last updated on 2019-04-19 11:52:02 CEST.

Flavor Version Tinstall Tcheck Ttotal Status Flags
r-devel-linux-x86_64-debian-clang 1.0 2.11 19.64 21.75 NOTE
r-devel-linux-x86_64-debian-gcc 1.0 1.63 17.37 19.00 NOTE
r-devel-linux-x86_64-fedora-clang 1.0 26.58 NOTE
r-devel-linux-x86_64-fedora-gcc 1.0 29.08 NOTE
r-devel-windows-ix86+x86_64 1.0 6.00 48.00 54.00 NOTE
r-patched-linux-x86_64 1.0 2.08 22.85 24.93 NOTE
r-patched-solaris-x86 1.0 53.00 NOTE
r-release-linux-x86_64 1.0 1.34 21.71 23.05 NOTE
r-release-windows-ix86+x86_64 1.0 5.00 45.00 50.00 NOTE
r-release-osx-x86_64 1.0 NOTE
r-oldrel-windows-ix86+x86_64 1.0 5.00 40.00 45.00 NOTE
r-oldrel-osx-x86_64 1.0 NOTE

Check Details

Version: 1.0
Check: DESCRIPTION meta-information
Result: NOTE
    Malformed Title field: should not end in a period.
Flavors: r-devel-linux-x86_64-debian-clang, r-devel-linux-x86_64-debian-gcc, r-devel-linux-x86_64-fedora-clang, r-devel-linux-x86_64-fedora-gcc, r-devel-windows-ix86+x86_64, r-patched-linux-x86_64, r-patched-solaris-x86, r-release-linux-x86_64, r-release-windows-ix86+x86_64, r-release-osx-x86_64, r-oldrel-windows-ix86+x86_64, r-oldrel-osx-x86_64

Version: 1.0
Check: compiled code
Result: NOTE
    File ‘OptHedging/libs/OptHedging.so’:
     Found no calls to: ‘R_registerRoutines’, ‘R_useDynamicSymbols’
    
    It is good practice to register native routines and to disable symbol
    search.
    
    See ‘Writing portable packages’ in the ‘Writing R Extensions’ manual.
Flavors: r-devel-linux-x86_64-fedora-clang, r-devel-linux-x86_64-fedora-gcc