Last updated on 2025-01-13 11:48:32 CET.
Flavor | Version | Tinstall | Tcheck | Ttotal | Status | Flags |
---|---|---|---|---|---|---|
r-devel-linux-x86_64-debian-clang | 1.0.1 | 8.77 | 52.19 | 60.96 | OK | |
r-devel-linux-x86_64-debian-gcc | 1.0.1 | 4.98 | 34.91 | 39.89 | OK | |
r-devel-linux-x86_64-fedora-clang | 1.0.1 | 103.23 | OK | |||
r-devel-linux-x86_64-fedora-gcc | 1.0.1 | 90.74 | OK | |||
r-devel-windows-x86_64 | 1.0.1 | 11.00 | 68.00 | 79.00 | OK | |
r-patched-linux-x86_64 | 1.0.1 | 10.54 | 49.24 | 59.78 | NOTE | |
r-release-linux-x86_64 | 1.0.1 | 7.57 | 48.38 | 55.95 | NOTE | |
r-release-macos-arm64 | 1.0.1 | 29.00 | NOTE | |||
r-release-macos-x86_64 | 1.0.1 | 43.00 | NOTE | |||
r-release-windows-x86_64 | 1.0.1 | 13.00 | 69.00 | 82.00 | NOTE | |
r-oldrel-macos-arm64 | 1.0.1 | 34.00 | NOTE | |||
r-oldrel-macos-x86_64 | 1.0.1 | 46.00 | NOTE | |||
r-oldrel-windows-x86_64 | 1.0.1 | 12.00 | 81.00 | 93.00 | NOTE |
Version: 1.0.1
Check: package dependencies
Result: NOTE
Package which this enhances but not available for checking: ‘gurobi’
Flavors: r-patched-linux-x86_64, r-release-linux-x86_64, r-release-macos-arm64, r-release-macos-x86_64, r-release-windows-x86_64, r-oldrel-macos-arm64, r-oldrel-macos-x86_64, r-oldrel-windows-x86_64
Version: 1.0.1
Check: LazyData
Result: NOTE
'LazyData' is specified without a 'data' directory
Flavors: r-patched-linux-x86_64, r-release-linux-x86_64, r-release-macos-arm64, r-release-macos-x86_64, r-release-windows-x86_64, r-oldrel-macos-arm64, r-oldrel-macos-x86_64, r-oldrel-windows-x86_64