CRAN Package Check Results for Package OptimalGoldstandardDesigns

Last updated on 2024-04-22 11:54:03 CEST.

Flavor Version Tinstall Tcheck Ttotal Status Flags
r-devel-linux-x86_64-debian-clang 1.0.1 8.04 70.10 78.14 NOTE
r-devel-linux-x86_64-debian-gcc 1.0.1 5.50 52.07 57.57 NOTE
r-devel-linux-x86_64-fedora-clang 1.0.1 98.37 NOTE
r-devel-linux-x86_64-fedora-gcc 1.0.1 111.25 NOTE
r-prerel-macos-arm64 1.0.1 37.00 NOTE
r-prerel-windows-x86_64 1.0.1 7.00 80.00 87.00 NOTE
r-patched-linux-x86_64 1.0.1 5.25 68.67 73.92 NOTE
r-release-linux-x86_64 1.0.1 4.70 65.50 70.20 OK
r-release-macos-arm64 1.0.1 48.00 OK
r-release-macos-x86_64 1.0.1 68.00 OK
r-release-windows-x86_64 1.0.1 10.00 91.00 101.00 OK
r-oldrel-macos-arm64 1.0.1 37.00 OK
r-oldrel-windows-x86_64 1.0.1 11.00 93.00 104.00 OK

Check Details

Version: 1.0.1
Check: Rd files
Result: NOTE checkRd: (-1) calc_n_from_c.Rd:5: Lost braces; missing escapes or markup? 5 | \title{Helper function to calculate other n's given n_{1,T} and allocation ratios} | ^ checkRd: (-1) calc_n_from_c.Rd:15: Lost braces; missing escapes or markup? 15 | Helper function to calculate other n's given n_{1,T} and allocation ratios | ^ Flavors: r-devel-linux-x86_64-debian-clang, r-devel-linux-x86_64-debian-gcc, r-devel-linux-x86_64-fedora-clang, r-devel-linux-x86_64-fedora-gcc, r-prerel-macos-arm64, r-prerel-windows-x86_64, r-patched-linux-x86_64