CRAN Package Check Results for Package OwenQ

Last updated on 2024-04-16 17:50:35 CEST.

Flavor Version Tinstall Tcheck Ttotal Status Flags
r-devel-linux-x86_64-debian-clang 1.0.7 78.05 267.03 345.08 OK
r-devel-linux-x86_64-debian-gcc 1.0.7 60.19 193.42 253.61 OK
r-devel-linux-x86_64-fedora-clang 1.0.7 421.40 OK
r-devel-linux-x86_64-fedora-gcc 1.0.7 441.01 OK
r-prerel-macos-arm64 1.0.7 82.00 NOTE
r-prerel-windows-x86_64 1.0.7 56.00 193.00 249.00 OK
r-patched-linux-x86_64 1.0.7 69.22 260.77 329.99 OK
r-release-linux-x86_64 1.0.7 67.98 266.79 334.77 OK
r-release-macos-arm64 1.0.7 104.00 NOTE
r-release-macos-x86_64 1.0.7 355.00 NOTE
r-release-windows-x86_64 1.0.7 70.00 277.00 347.00 OK
r-oldrel-macos-arm64 1.0.7 92.00 NOTE
r-oldrel-windows-x86_64 1.0.7 67.00 263.00 330.00 OK

Check Details

Version: 1.0.7
Check: installed package size
Result: NOTE installed size is 10.1Mb sub-directories of 1Mb or more: libs 9.5Mb Flavors: r-prerel-macos-arm64, r-release-macos-arm64, r-release-macos-x86_64, r-oldrel-macos-arm64