CRAN Package Check Results for Package PAMA

Last updated on 2021-12-04 23:50:40 CET.

Flavor Version Tinstall Tcheck Ttotal Status Flags
r-devel-linux-x86_64-debian-clang 1.2.0 9.73 48.56 58.29 OK
r-devel-linux-x86_64-debian-gcc 1.2.0 7.12 37.62 44.74 OK
r-devel-linux-x86_64-fedora-clang 1.2.0 76.23 NOTE
r-devel-linux-x86_64-fedora-gcc 1.2.0 62.13 NOTE
r-devel-windows-x86_64-new-UL 1.2.0 19.00 93.00 112.00 OK
r-devel-windows-x86_64-new-TK 1.2.0 NOTE
r-devel-windows-x86_64-old 1.2.0 17.00 53.00 70.00 OK
r-patched-linux-x86_64 1.2.0 8.98 38.32 47.30 OK
r-release-linux-x86_64 1.2.0 8.83 38.44 47.27 OK
r-release-macos-arm64 1.2.0 NOTE
r-release-macos-x86_64 1.2.0 NOTE
r-release-windows-ix86+x86_64 1.2.0 27.00 88.00 115.00 OK
r-oldrel-macos-x86_64 1.2.0 NOTE
r-oldrel-windows-ix86+x86_64 1.2.0 28.00 89.00 117.00 OK

Check Details

Version: 1.2.0
Check: dependencies in R code
Result: NOTE
    Namespace in Imports field not imported from: ‘Rcpp’
     All declared Imports should be used.
Flavors: r-devel-linux-x86_64-fedora-clang, r-devel-linux-x86_64-fedora-gcc, r-devel-windows-x86_64-new-TK, r-release-macos-arm64, r-release-macos-x86_64, r-oldrel-macos-x86_64

Version: 1.2.0
Check: compiled code
Result: NOTE
    File ‘PAMA/libs/PAMA.so’:
     Found no calls to: ‘R_registerRoutines’, ‘R_useDynamicSymbols’
    
    It is good practice to register native routines and to disable symbol
    search.
    
    See ‘Writing portable packages’ in the ‘Writing R Extensions’ manual.
Flavors: r-devel-linux-x86_64-fedora-clang, r-devel-linux-x86_64-fedora-gcc