Last updated on 2024-08-16 11:49:47 CEST.
Flavor | Version | Tinstall | Tcheck | Ttotal | Status | Flags |
---|---|---|---|---|---|---|
r-devel-linux-x86_64-debian-clang | 1.2.5 | 6.43 | 64.91 | 71.34 | NOTE | |
r-devel-linux-x86_64-debian-gcc | 1.2.5 | 4.85 | 47.67 | 52.52 | NOTE | |
r-devel-linux-x86_64-fedora-clang | 1.2.5 | 115.20 | NOTE | |||
r-devel-linux-x86_64-fedora-gcc | 1.2.5 | 109.72 | NOTE | |||
r-devel-windows-x86_64 | 1.2.5 | 8.00 | 82.00 | 90.00 | NOTE | |
r-patched-linux-x86_64 | 1.2.5 | 6.27 | 62.13 | 68.40 | NOTE | |
r-release-linux-x86_64 | 1.2.5 | 6.73 | 62.22 | 68.95 | NOTE | |
r-release-macos-arm64 | 1.2.5 | 35.00 | NOTE | |||
r-release-macos-x86_64 | 1.2.5 | 53.00 | NOTE | |||
r-release-windows-x86_64 | 1.2.5 | 8.00 | 83.00 | 91.00 | NOTE | |
r-oldrel-macos-arm64 | 1.2.5 | 42.00 | OK | |||
r-oldrel-macos-x86_64 | 1.2.5 | 62.00 | OK | |||
r-oldrel-windows-x86_64 | 1.2.5 | 10.00 | 96.00 | 106.00 | OK |
Version: 1.2.5
Check: Rd files
Result: NOTE
checkRd: (-1) PAS-package.Rd:30: Lost braces
30 | {\code{bin model}}{\cr Zhiqiu Hu, Zhiquan Wang, and Shizhong Xu (2012) An infinitesimal model for quantitative trait genomic value prediction. PloS ONE 7: e41336.}
| ^
Flavors: r-devel-linux-x86_64-debian-clang, r-devel-linux-x86_64-debian-gcc, r-devel-linux-x86_64-fedora-clang, r-devel-linux-x86_64-fedora-gcc, r-devel-windows-x86_64, r-patched-linux-x86_64, r-release-linux-x86_64, r-release-macos-arm64, r-release-macos-x86_64, r-release-windows-x86_64