Last updated on 2024-08-16 11:49:47 CEST.
Flavor | Version | Tinstall | Tcheck | Ttotal | Status | Flags |
---|---|---|---|---|---|---|
r-devel-linux-x86_64-debian-clang | 0.1.10 | 22.99 | 142.32 | 165.31 | NOTE | |
r-devel-linux-x86_64-debian-gcc | 0.1.10 | 15.14 | 101.42 | 116.56 | NOTE | |
r-devel-linux-x86_64-fedora-clang | 0.1.10 | 263.13 | OK | |||
r-devel-linux-x86_64-fedora-gcc | 0.1.10 | 261.99 | OK | |||
r-devel-windows-x86_64 | 0.1.10 | 26.00 | 158.00 | 184.00 | NOTE | |
r-patched-linux-x86_64 | 0.1.10 | 26.80 | 136.20 | 163.00 | OK | |
r-release-linux-x86_64 | 0.1.10 | 19.58 | 131.83 | 151.41 | OK | |
r-release-macos-arm64 | 0.1.10 | 70.00 | OK | |||
r-release-macos-x86_64 | 0.1.10 | 104.00 | OK | |||
r-release-windows-x86_64 | 0.1.10 | 27.00 | 160.00 | 187.00 | OK | |
r-oldrel-macos-arm64 | 0.1.10 | 67.00 | OK | |||
r-oldrel-macos-x86_64 | 0.1.10 | 114.00 | OK | |||
r-oldrel-windows-x86_64 | 0.1.10 | 33.00 | 209.00 | 242.00 | OK |
Version: 0.1.10
Check: Rd cross-references
Result: NOTE
Found the following Rd file(s) with Rd \link{} targets missing package
anchors:
plot.Rd: ggplot2
Please provide package anchors for all Rd \link{} targets not in the
package itself and the base packages.
Flavors: r-devel-linux-x86_64-debian-clang, r-devel-linux-x86_64-debian-gcc, r-devel-windows-x86_64