CRAN Package Check Results for Package PCICt

Last updated on 2020-10-28 23:47:21 CET.

Flavor Version Tinstall Tcheck Ttotal Status Flags
r-devel-linux-x86_64-debian-clang 0.5-4.1 3.95 26.28 30.23 OK
r-devel-linux-x86_64-debian-gcc 0.5-4.1 3.58 20.55 24.13 OK
r-devel-linux-x86_64-fedora-clang 0.5-4.1 46.84 NOTE
r-devel-linux-x86_64-fedora-gcc 0.5-4.1 43.33 NOTE
r-devel-windows-ix86+x86_64 0.5-4.1 10.00 51.00 61.00 OK
r-patched-linux-x86_64 0.5-4.1 4.22 25.18 29.40 OK
r-patched-solaris-x86 0.5-4.1 58.80 OK
r-release-linux-x86_64 0.5-4.1 4.04 25.06 29.10 OK
r-release-macos-x86_64 0.5-4.1 OK
r-release-windows-ix86+x86_64 0.5-4.1 9.00 50.00 59.00 OK
r-oldrel-macos-x86_64 0.5-4.1 OK
r-oldrel-windows-ix86+x86_64 0.5-4.1 12.00 44.00 56.00 OK

Additional issues

rchk

Check Details

Version: 0.5-4.1
Check: compiled code
Result: NOTE
    File ‘PCICt/libs/PCICt.so’:
     Found no call to: ‘R_useDynamicSymbols’
    
    It is good practice to register native routines and to disable symbol
    search.
    
    See ‘Writing portable packages’ in the ‘Writing R Extensions’ manual.
Flavors: r-devel-linux-x86_64-fedora-clang, r-devel-linux-x86_64-fedora-gcc