Last updated on 2024-04-19 06:03:28 CEST.
Flavor | Version | Tinstall | Tcheck | Ttotal | Status | Flags |
---|---|---|---|---|---|---|
r-devel-linux-x86_64-debian-clang | 1.0.0 | 6.76 | 119.55 | 126.31 | OK | |
r-devel-linux-x86_64-debian-gcc | 1.0.0 | OK | ||||
r-devel-linux-x86_64-fedora-clang | 1.0.0 | 154.54 | NOTE | |||
r-devel-linux-x86_64-fedora-gcc | 1.0.0 | 161.01 | NOTE | |||
r-prerel-macos-arm64 | 1.0.0 | 50.00 | OK | |||
r-prerel-windows-x86_64 | 1.0.0 | 8.00 | 105.00 | 113.00 | OK | |
r-patched-linux-x86_64 | 1.0.0 | 6.71 | 112.97 | 119.68 | OK | |
r-release-linux-x86_64 | 1.0.0 | 8.10 | 110.76 | 118.86 | OK | |
r-release-macos-arm64 | 1.0.0 | 57.00 | OK | |||
r-release-macos-x86_64 | 1.0.0 | 88.00 | OK | |||
r-release-windows-x86_64 | 1.0.0 | 10.00 | 123.00 | 133.00 | OK | |
r-oldrel-macos-arm64 | 1.0.0 | 42.00 | NOTE | |||
r-oldrel-windows-x86_64 | 1.0.0 | 10.00 | 126.00 | 136.00 | OK |
Version: 1.0.0
Check: dependencies in R code
Result: NOTE
Namespace in Imports field not imported from: ‘survival’
All declared Imports should be used.
Flavors: r-devel-linux-x86_64-fedora-clang, r-devel-linux-x86_64-fedora-gcc, r-oldrel-macos-arm64