CRAN Package Check Results for Package PCMBase

Last updated on 2019-05-19 17:57:40 CEST.

Flavor Version Tinstall Tcheck Ttotal Status Flags
r-devel-linux-x86_64-debian-clang 1.2.9 14.72 151.39 166.11 OK
r-devel-linux-x86_64-debian-gcc 1.2.9 12.66 109.12 121.78 OK
r-devel-linux-x86_64-fedora-clang 1.2.9 178.29 OK
r-devel-linux-x86_64-fedora-gcc 1.2.9 165.31 OK
r-devel-windows-ix86+x86_64 1.2.9 53.00 200.00 253.00 OK
r-patched-linux-x86_64 1.2.9 13.80 138.56 152.36 OK
r-patched-solaris-x86 1.2.9 232.50 OK
r-release-linux-x86_64 1.2.9 13.77 139.41 153.18 OK
r-release-windows-ix86+x86_64 1.2.9 42.00 192.00 234.00 OK
r-release-osx-x86_64 1.2.9 NOTE
r-oldrel-windows-ix86+x86_64 1.2.9 28.00 181.00 209.00 OK
r-oldrel-osx-x86_64 1.2.9 OK

Check Details

Version: 1.2.9
Check: package dependencies
Result: NOTE
    Package suggested but not available for checking: ‘ggtree’
Flavor: r-release-osx-x86_64