Last updated on 2024-04-18 11:51:10 CEST.
Flavor | Version | Tinstall | Tcheck | Ttotal | Status | Flags |
---|---|---|---|---|---|---|
r-devel-linux-x86_64-debian-clang | 1.2 | 15.77 | 64.83 | 80.60 | NOTE | |
r-devel-linux-x86_64-debian-gcc | 1.2 | 14.37 | 49.65 | 64.02 | NOTE | |
r-devel-linux-x86_64-fedora-clang | 1.2 | 107.33 | NOTE | |||
r-devel-linux-x86_64-fedora-gcc | 1.2 | 114.71 | NOTE | |||
r-prerel-macos-arm64 | 1.2 | 45.00 | NOTE | |||
r-prerel-windows-x86_64 | 1.2 | 16.00 | 78.00 | 94.00 | NOTE | |
r-patched-linux-x86_64 | 1.2 | 19.03 | 62.25 | 81.28 | NOTE | |
r-release-linux-x86_64 | 1.2 | 13.89 | 62.23 | 76.12 | OK | |
r-release-macos-arm64 | 1.2 | 46.00 | OK | |||
r-release-macos-x86_64 | 1.2 | 82.00 | OK | |||
r-release-windows-x86_64 | 1.2 | 23.00 | 88.00 | 111.00 | OK | |
r-oldrel-macos-arm64 | 1.2 | 42.00 | OK | |||
r-oldrel-windows-x86_64 | 1.2 | 23.00 | 93.00 | 116.00 | OK |
Version: 1.2
Check: Rd files
Result: NOTE
checkRd: (-1) getPCRAData.Rd:28: Lost braces in \itemize; meant \describe ?
checkRd: (-1) getPCRAData.Rd:29: Lost braces in \itemize; meant \describe ?
Flavors: r-devel-linux-x86_64-debian-clang, r-devel-linux-x86_64-debian-gcc, r-devel-linux-x86_64-fedora-clang, r-devel-linux-x86_64-fedora-gcc, r-prerel-macos-arm64, r-prerel-windows-x86_64, r-patched-linux-x86_64