CRAN Package Check Results for Package PCS

Last updated on 2022-01-24 17:50:04 CET.

Flavor Version Tinstall Tcheck Ttotal Status Flags
r-devel-linux-x86_64-debian-clang 1.2 9.90 89.88 99.78 NOTE
r-devel-linux-x86_64-debian-gcc 1.2 7.51 69.92 77.43 NOTE
r-devel-linux-x86_64-fedora-clang 1.2 122.60 NOTE
r-devel-linux-x86_64-fedora-gcc 1.2 119.97 NOTE
r-devel-windows-x86_64-new-UL 1.2 22.00 104.00 126.00 NOTE
r-devel-windows-x86_64-new-TK 1.2 NOTE
r-patched-linux-x86_64 1.2 8.78 88.35 97.13 NOTE
r-release-linux-x86_64 1.2 10.23 90.07 100.30 NOTE
r-release-macos-arm64 1.2 NOTE
r-release-macos-x86_64 1.2 NOTE
r-release-windows-ix86+x86_64 1.2 23.00 101.00 124.00 NOTE
r-oldrel-macos-x86_64 1.2 NOTE
r-oldrel-windows-ix86+x86_64 1.2 23.00 103.00 126.00 NOTE

Check Details

Version: 1.2
Check: R code for possible problems
Result: NOTE
    PdofCSGt.bootstrap5: no visible global function definition for 'rnorm'
    PdofCSGt.bootstrap5: no visible global function definition for 'rt'
    PdofCSt.T1or2: no visible global function definition for 'combn'
    PofCSGt: no visible global function definition for 'combn'
    PofCSLt.bootstrap5: no visible global function definition for 'rnorm'
    PofCSLt.bootstrap5: no visible global function definition for 'rt'
    PofCSt: no visible global function definition for 'pnorm'
    tindep: no visible binding for global variable 'var'
    tindep: no visible global function definition for 'pt'
    Undefined global functions or variables:
     combn pnorm pt rnorm rt var
    Consider adding
     importFrom("stats", "pnorm", "pt", "rnorm", "rt", "var")
     importFrom("utils", "combn")
    to your NAMESPACE file.
Flavors: r-devel-linux-x86_64-debian-clang, r-devel-linux-x86_64-debian-gcc, r-devel-linux-x86_64-fedora-clang, r-devel-linux-x86_64-fedora-gcc, r-devel-windows-x86_64-new-UL, r-devel-windows-x86_64-new-TK, r-patched-linux-x86_64, r-release-linux-x86_64, r-release-macos-arm64, r-release-macos-x86_64, r-release-windows-ix86+x86_64, r-oldrel-macos-x86_64, r-oldrel-windows-ix86+x86_64