CRAN Package Check Results for Package PDN

Last updated on 2021-06-18 05:48:54 CEST.

Flavor Version Tinstall Tcheck Ttotal Status Flags
r-devel-linux-x86_64-debian-clang 0.1.0 10.72 145.54 156.26 OK
r-devel-linux-x86_64-debian-gcc 0.1.0 6.67 108.21 114.88 OK
r-devel-linux-x86_64-fedora-clang 0.1.0 188.00 NOTE
r-devel-linux-x86_64-fedora-gcc 0.1.0 178.69 NOTE
r-devel-windows-x86_64 0.1.0 15.00 175.00 190.00 OK
r-devel-windows-x86_64-gcc10-UCRT 0.1.0 NOTE
r-patched-linux-x86_64 0.1.0 8.81 136.27 145.08 OK
r-patched-solaris-x86 0.1.0 242.50 NOTE
r-release-linux-x86_64 0.1.0 9.12 136.67 145.79 OK
r-release-macos-arm64 0.1.0 NOTE
r-release-macos-x86_64 0.1.0 NOTE
r-release-windows-ix86+x86_64 0.1.0 22.00 166.00 188.00 OK
r-oldrel-macos-x86_64 0.1.0 NOTE
r-oldrel-windows-ix86+x86_64 0.1.0 17.00 122.00 139.00 OK

Check Details

Version: 0.1.0
Check: dependencies in R code
Result: NOTE
    Namespace in Imports field not imported from: ‘glmnet’
     All declared Imports should be used.
Flavors: r-devel-linux-x86_64-fedora-clang, r-devel-linux-x86_64-fedora-gcc, r-devel-windows-x86_64-gcc10-UCRT, r-patched-solaris-x86, r-release-macos-arm64, r-release-macos-x86_64, r-oldrel-macos-x86_64