CRAN Package Check Results for Package PHYLOGR

Last updated on 2024-06-18 17:49:15 CEST.

Flavor Version Tinstall Tcheck Ttotal Status Flags
r-devel-linux-x86_64-debian-clang 1.0.11 4.27 31.97 36.24 NOTE
r-devel-linux-x86_64-debian-gcc 1.0.11 2.94 23.67 26.61 NOTE
r-devel-linux-x86_64-fedora-clang 1.0.11 46.11 NOTE
r-devel-linux-x86_64-fedora-gcc 1.0.11 41.67 NOTE
r-devel-windows-x86_64 1.0.11 5.00 46.00 51.00 NOTE
r-patched-linux-x86_64 1.0.11 4.66 30.65 35.31 NOTE
r-release-linux-x86_64 1.0.11 4.09 30.65 34.74 NOTE
r-release-macos-arm64 1.0.11 16.00 NOTE
r-release-macos-x86_64 1.0.11 35.00 NOTE
r-release-windows-x86_64 1.0.11 4.00 46.00 50.00 NOTE
r-oldrel-macos-arm64 1.0.11 18.00 NOTE
r-oldrel-macos-x86_64 1.0.11 24.00 NOTE
r-oldrel-windows-x86_64 1.0.11 5.00 49.00 54.00 NOTE

Check Details

Version: 1.0.11
Check: Rd files
Result: NOTE checkRd: (-1) GarlandJanis.IC.Rd:4: Escaped LaTeX specials: \& checkRd: (-1) GarlandJanis.IC.Rd:6: Escaped LaTeX specials: \& checkRd: (-1) GarlandJanis.Original.Rd:4: Escaped LaTeX specials: \& checkRd: (-1) GarlandJanis.Original.Rd:6: Escaped LaTeX specials: \& checkRd: (-1) GarlandJanis.varcov.Rd:3: Escaped LaTeX specials: \& checkRd: (-1) GarlandJanis.varcov.Rd:5: Escaped LaTeX specials: \& checkRd: (-1) GarlandJanis.varcov.Rd:7: Escaped LaTeX specials: \& Flavors: r-devel-linux-x86_64-debian-clang, r-devel-linux-x86_64-debian-gcc, r-devel-linux-x86_64-fedora-clang, r-devel-linux-x86_64-fedora-gcc, r-devel-windows-x86_64, r-patched-linux-x86_64, r-release-linux-x86_64, r-release-macos-arm64, r-release-macos-x86_64, r-release-windows-x86_64, r-oldrel-macos-arm64, r-oldrel-macos-x86_64, r-oldrel-windows-x86_64