Last updated on 2023-06-07 23:40:43 CEST.
Flavor | Version | Tinstall | Tcheck | Ttotal | Status | Flags |
---|---|---|---|---|---|---|
r-devel-linux-x86_64-debian-clang | 1.0.11 | 3.72 | 30.72 | 34.44 | NOTE | |
r-devel-linux-x86_64-debian-gcc | 1.0.11 | 2.83 | 23.82 | 26.65 | NOTE | |
r-devel-linux-x86_64-fedora-clang | 1.0.11 | 44.16 | NOTE | |||
r-devel-linux-x86_64-fedora-gcc | 1.0.11 | 41.22 | NOTE | |||
r-devel-windows-x86_64 | 1.0.11 | 6.00 | 46.00 | 52.00 | NOTE | |
r-patched-linux-x86_64 | 1.0.11 | 3.41 | 29.72 | 33.13 | NOTE | |
r-release-linux-x86_64 | 1.0.11 | 2.93 | 29.61 | 32.54 | NOTE | |
r-release-macos-arm64 | 1.0.11 | 18.00 | NOTE | |||
r-release-macos-x86_64 | 1.0.11 | 24.00 | NOTE | |||
r-release-windows-x86_64 | 1.0.11 | 5.00 | 54.00 | 59.00 | NOTE | |
r-oldrel-macos-arm64 | 1.0.11 | 17.00 | OK | |||
r-oldrel-macos-x86_64 | 1.0.11 | 24.00 | OK | |||
r-oldrel-windows-x86_64 | 1.0.11 | 13.00 | 51.00 | 64.00 | OK |
Version: 1.0.11
Check: Rd files
Result: NOTE
checkRd: (-1) GarlandJanis.IC.Rd:4: Escaped LaTeX specials: \&
checkRd: (-1) GarlandJanis.IC.Rd:6: Escaped LaTeX specials: \&
checkRd: (-1) GarlandJanis.Original.Rd:4: Escaped LaTeX specials: \&
checkRd: (-1) GarlandJanis.Original.Rd:6: Escaped LaTeX specials: \&
checkRd: (-1) GarlandJanis.varcov.Rd:3: Escaped LaTeX specials: \&
checkRd: (-1) GarlandJanis.varcov.Rd:5: Escaped LaTeX specials: \&
checkRd: (-1) GarlandJanis.varcov.Rd:7: Escaped LaTeX specials: \&
Flavors: r-devel-linux-x86_64-debian-clang, r-devel-linux-x86_64-debian-gcc, r-devel-linux-x86_64-fedora-clang, r-devel-linux-x86_64-fedora-gcc, r-devel-windows-x86_64, r-patched-linux-x86_64, r-release-linux-x86_64, r-release-macos-arm64, r-release-macos-x86_64, r-release-windows-x86_64