Last updated on 2024-08-16 11:49:47 CEST.
Flavor | Version | Tinstall | Tcheck | Ttotal | Status | Flags |
---|---|---|---|---|---|---|
r-devel-linux-x86_64-debian-clang | 0.1.2 | 16.26 | 841.52 | 857.78 | OK | |
r-devel-linux-x86_64-debian-gcc | 0.1.2 | 11.48 | 490.10 | 501.58 | OK | |
r-devel-linux-x86_64-fedora-clang | 0.1.2 | 1451.13 | OK | |||
r-devel-linux-x86_64-fedora-gcc | 0.1.2 | 1441.53 | OK | |||
r-devel-windows-x86_64 | 0.1.2 | 19.00 | 695.00 | 714.00 | OK | |
r-patched-linux-x86_64 | 0.1.2 | 17.71 | 794.56 | 812.27 | OK | |
r-release-linux-x86_64 | 0.1.2 | 15.94 | 761.05 | 776.99 | OK | |
r-release-macos-arm64 | 0.1.2 | 283.00 | NOTE | |||
r-release-macos-x86_64 | 0.1.2 | 577.00 | NOTE | |||
r-release-windows-x86_64 | 0.1.2 | 20.00 | 808.00 | 828.00 | OK | |
r-oldrel-macos-arm64 | 0.1.2 | 342.00 | NOTE | |||
r-oldrel-macos-x86_64 | 0.1.2 | 734.00 | NOTE | |||
r-oldrel-windows-x86_64 | 0.1.2 | 25.00 | 1045.00 | 1070.00 | OK |
Version: 0.1.2
Check: installed package size
Result: NOTE
installed size is 5.1Mb
sub-directories of 1Mb or more:
data 2.1Mb
doc 2.0Mb
Flavors: r-release-macos-arm64, r-release-macos-x86_64, r-oldrel-macos-arm64, r-oldrel-macos-x86_64