CRAN Package Check Results for Package PINstimation

Last updated on 2023-06-06 11:57:48 CEST.

Flavor Version Tinstall Tcheck Ttotal Status Flags
r-devel-linux-x86_64-debian-clang 0.1.2 20.49 1121.26 1141.75 OK
r-devel-linux-x86_64-debian-gcc 0.1.2 18.58 787.59 806.17 OK
r-devel-linux-x86_64-fedora-clang 0.1.2 1331.91 OK
r-devel-linux-x86_64-fedora-gcc 0.1.2 1358.39 OK
r-devel-windows-x86_64 0.1.2 19.00 790.00 809.00 OK
r-patched-linux-x86_64 0.1.2 21.75 1112.93 1134.68 OK
r-release-linux-x86_64 0.1.2 16.50 1116.46 1132.96 OK
r-release-macos-arm64 0.1.2 342.00 NOTE
r-release-macos-x86_64 0.1.2 734.00 NOTE
r-release-windows-x86_64 0.1.2 26.00 1034.00 1060.00 OK
r-oldrel-macos-arm64 0.1.2 219.00 NOTE
r-oldrel-macos-x86_64 0.1.2 409.00 OK
r-oldrel-windows-x86_64 0.1.2 27.00 959.00 986.00 OK

Check Details

Version: 0.1.2
Check: installed package size
Result: NOTE
     installed size is 5.1Mb
     sub-directories of 1Mb or more:
     data 2.0Mb
     doc 2.0Mb
Flavors: r-release-macos-arm64, r-release-macos-x86_64, r-oldrel-macos-arm64